CRAN Package Check Results for Package nat

Last updated on 2022-01-25 04:00:09 CET.

Flavor Version Tinstall Tcheck Ttotal Status Flags
r-devel-linux-x86_64-debian-clang 1.8.18 16.93 165.44 182.37 NOTE
r-devel-linux-x86_64-debian-gcc 1.8.18 15.31 124.90 140.21 NOTE
r-devel-linux-x86_64-fedora-clang 1.8.18 220.81 NOTE
r-devel-linux-x86_64-fedora-gcc 1.8.18 208.25 NOTE
r-devel-windows-x86_64-new-UL 1.8.18 236.00 210.00 446.00 NOTE
r-devel-windows-x86_64-new-TK 1.8.18 NOTE
r-patched-linux-x86_64 1.8.18 23.55 158.02 181.57 NOTE
r-release-linux-x86_64 1.8.18 15.53 156.36 171.89 NOTE
r-release-macos-arm64 1.8.18 NOTE
r-release-macos-x86_64 1.8.18 NOTE
r-release-windows-ix86+x86_64 1.8.18 33.00 187.00 220.00 NOTE
r-oldrel-macos-x86_64 1.8.18 NOTE
r-oldrel-windows-ix86+x86_64 1.8.18 30.00 187.00 217.00 NOTE

Check Details

Version: 1.8.18
Check: package dependencies
Result: NOTE
    Package suggested but not available for checking: 'webshot2'
Flavors: r-devel-linux-x86_64-debian-clang, r-devel-linux-x86_64-debian-gcc, r-devel-linux-x86_64-fedora-clang, r-devel-linux-x86_64-fedora-gcc, r-devel-windows-x86_64-new-UL, r-devel-windows-x86_64-new-TK, r-patched-linux-x86_64, r-release-linux-x86_64, r-release-macos-arm64, r-release-macos-x86_64, r-release-windows-ix86+x86_64, r-oldrel-macos-x86_64, r-oldrel-windows-ix86+x86_64