CRAN Package Check Results for Package navigation

Last updated on 2024-03-01 07:52:55 CET.

Flavor Version Tinstall Tcheck Ttotal Status Flags
r-devel-linux-x86_64-debian-clang 0.0.1 94.25 201.85 296.10 NOTE
r-devel-linux-x86_64-debian-gcc 0.0.1 73.32 150.66 223.98 NOTE
r-devel-linux-x86_64-fedora-clang 0.0.1 394.62 NOTE
r-devel-linux-x86_64-fedora-gcc 0.0.1 386.76 NOTE
r-devel-windows-x86_64 0.0.1 73.00 183.00 256.00 NOTE
r-patched-linux-x86_64 0.0.1 63.76 194.13 257.89 NOTE
r-release-linux-x86_64 0.0.1 65.99 191.00 256.99 NOTE
r-release-macos-arm64 0.0.1 98.00 NOTE
r-release-macos-x86_64 0.0.1 204.00 NOTE
r-release-windows-x86_64 0.0.1 99.00 226.00 325.00 NOTE
r-oldrel-macos-arm64 0.0.1 94.00 NOTE
r-oldrel-windows-x86_64 0.0.1 91.00 222.00 313.00 NOTE

Check Details

Version: 0.0.1
Check: for GNU extensions in Makefiles
Result: NOTE GNU make is a SystemRequirements. Flavors: r-devel-linux-x86_64-debian-clang, r-devel-linux-x86_64-debian-gcc, r-devel-linux-x86_64-fedora-clang, r-devel-linux-x86_64-fedora-gcc, r-devel-windows-x86_64, r-patched-linux-x86_64, r-release-linux-x86_64, r-release-macos-arm64, r-release-macos-x86_64, r-release-windows-x86_64, r-oldrel-macos-arm64, r-oldrel-windows-x86_64

Version: 0.0.1
Check: installed package size
Result: NOTE installed size is 9.0Mb sub-directories of 1Mb or more: data 1.5Mb doc 6.5Mb Flavors: r-devel-linux-x86_64-fedora-clang, r-devel-windows-x86_64, r-release-macos-arm64, r-release-macos-x86_64, r-release-windows-x86_64, r-oldrel-macos-arm64, r-oldrel-windows-x86_64