Last updated on 2023-03-28 04:53:04 CEST.
Flavor | Version | Tinstall | Tcheck | Ttotal | Status | Flags |
---|---|---|---|---|---|---|
r-devel-linux-x86_64-debian-clang | 0.1 | 65.15 | 87.32 | 152.47 | NOTE | |
r-devel-linux-x86_64-debian-gcc | 0.1 | 57.89 | 67.13 | 125.02 | NOTE | |
r-devel-linux-x86_64-fedora-clang | 0.1 | 200.90 | NOTE | |||
r-devel-linux-x86_64-fedora-gcc | 0.1 | 214.35 | NOTE | |||
r-patched-linux-x86_64 | 0.1 | 60.99 | 83.28 | 144.27 | NOTE | |
r-release-linux-x86_64 | 0.1 | 64.81 | 84.08 | 148.89 | OK | |
r-release-macos-arm64 | 0.1 | 54.00 | NOTE | |||
r-release-macos-x86_64 | 0.1 | 99.00 | NOTE | |||
r-release-windows-x86_64 | 0.1 | 54.00 | 146.00 | 200.00 | OK | |
r-oldrel-macos-arm64 | 0.1 | 46.00 | NOTE | |||
r-oldrel-macos-x86_64 | 0.1 | 70.00 | NOTE | |||
r-oldrel-windows-ix86+x86_64 | 0.1 | 156.00 | 159.00 | 315.00 | OK |
Version: 0.1
Check: C++ specification
Result: NOTE
Specified C++11: please drop specification unless essential
Flavors: r-devel-linux-x86_64-debian-clang, r-devel-linux-x86_64-debian-gcc, r-devel-linux-x86_64-fedora-clang, r-devel-linux-x86_64-fedora-gcc, r-patched-linux-x86_64
Version: 0.1
Check: dependencies in R code
Result: NOTE
Namespaces in Imports field not imported from:
‘glmnet’ ‘rrpack’
All declared Imports should be used.
Flavors: r-devel-linux-x86_64-fedora-clang, r-devel-linux-x86_64-fedora-gcc, r-release-macos-arm64, r-release-macos-x86_64, r-oldrel-macos-arm64, r-oldrel-macos-x86_64
Version: 0.1
Check: installed package size
Result: NOTE
installed size is 6.8Mb
sub-directories of 1Mb or more:
libs 6.5Mb
Flavors: r-release-macos-arm64, r-release-macos-x86_64, r-oldrel-macos-arm64, r-oldrel-macos-x86_64