Last updated on 2023-11-30 11:49:34 CET.
Flavor | Version | Tinstall | Tcheck | Ttotal | Status | Flags |
---|---|---|---|---|---|---|
r-devel-linux-x86_64-debian-clang | 0.1 | 68.49 | 82.94 | 151.43 | NOTE | |
r-devel-linux-x86_64-debian-gcc | 0.1 | 54.44 | 64.35 | 118.79 | NOTE | |
r-devel-linux-x86_64-fedora-clang | 0.1 | 196.51 | NOTE | |||
r-devel-linux-x86_64-fedora-gcc | 0.1 | 222.76 | NOTE | |||
r-devel-windows-x86_64 | 0.1 | 55.00 | 109.00 | 164.00 | NOTE | |
r-patched-linux-x86_64 | 0.1 | 54.79 | 83.53 | 138.32 | NOTE | |
r-release-linux-x86_64 | 0.1 | 56.92 | 82.84 | 139.76 | NOTE | |
r-release-macos-arm64 | 0.1 | 68.00 | NOTE | |||
r-release-macos-x86_64 | 0.1 | 111.00 | NOTE | |||
r-release-windows-x86_64 | 0.1 | 72.00 | 123.00 | 195.00 | NOTE | |
r-oldrel-macos-arm64 | 0.1 | 54.00 | NOTE | |||
r-oldrel-macos-x86_64 | 0.1 | 99.00 | NOTE | |||
r-oldrel-windows-x86_64 | 0.1 | 65.00 | 120.00 | 185.00 | OK |
Version: 0.1
Check: C++ specification
Result: NOTE
Specified C++11: please drop specification unless essential
Flavors: r-devel-linux-x86_64-debian-clang, r-devel-linux-x86_64-debian-gcc, r-devel-linux-x86_64-fedora-clang, r-devel-linux-x86_64-fedora-gcc, r-devel-windows-x86_64, r-patched-linux-x86_64, r-release-linux-x86_64, r-release-macos-arm64, r-release-macos-x86_64, r-release-windows-x86_64
Version: 0.1
Check: dependencies in R code
Result: NOTE
Namespaces in Imports field not imported from:
‘glmnet’ ‘rrpack’
All declared Imports should be used.
Flavors: r-devel-linux-x86_64-fedora-clang, r-devel-linux-x86_64-fedora-gcc, r-oldrel-macos-arm64, r-oldrel-macos-x86_64
Version: 0.1
Check: installed package size
Result: NOTE
installed size is 7.1Mb
sub-directories of 1Mb or more:
libs 6.8Mb
Flavors: r-release-macos-arm64, r-release-macos-x86_64, r-oldrel-macos-arm64, r-oldrel-macos-x86_64