CRAN Package Check Results for Package ncdf4

Last updated on 2021-12-06 03:53:05 CET.

Flavor Version Tinstall Tcheck Ttotal Status Flags
r-devel-linux-x86_64-debian-clang 1.18 9.64 46.37 56.01 OK
r-devel-linux-x86_64-debian-gcc 1.18 6.27 35.22 41.49 OK
r-devel-linux-x86_64-fedora-clang 1.18 68.16 OK
r-devel-linux-x86_64-fedora-gcc 1.18 56.63 OK
r-devel-windows-x86_64-new-UL 1.18 20.00 134.00 154.00 NOTE
r-devel-windows-x86_64-new-TK 1.18 OK
r-devel-windows-x86_64-old 1.18 17.00 43.00 60.00 OK
r-patched-linux-x86_64 1.18 7.84 36.88 44.72 OK
r-release-linux-x86_64 1.18 7.39 44.94 52.33 OK
r-release-macos-arm64 1.18 NOTE
r-release-macos-x86_64 1.18 NOTE
r-release-windows-ix86+x86_64 1.18 17.00 89.00 106.00 NOTE
r-oldrel-macos-x86_64 1.18 NOTE
r-oldrel-windows-ix86+x86_64 1.18 20.00 90.00 110.00 NOTE

Check Details

Version: 1.18
Check: installed package size
Result: NOTE
     installed size is 12.0Mb
     sub-directories of 1Mb or more:
     libs 11.7Mb
Flavors: r-devel-windows-x86_64-new-UL, r-release-macos-arm64, r-release-macos-x86_64, r-release-windows-ix86+x86_64, r-oldrel-macos-x86_64, r-oldrel-windows-ix86+x86_64