Last updated on 2023-03-23 07:54:33 CET.
Flavor | Version | Tinstall | Tcheck | Ttotal | Status | Flags |
---|---|---|---|---|---|---|
r-devel-linux-x86_64-debian-clang | 1.0.0 | 72.17 | 49.51 | 121.68 | NOTE | |
r-devel-linux-x86_64-debian-gcc | 1.0.0 | 56.99 | 38.61 | 95.60 | NOTE | |
r-devel-linux-x86_64-fedora-clang | 1.0.0 | 163.29 | NOTE | |||
r-devel-linux-x86_64-fedora-gcc | 1.0.0 | 158.05 | NOTE | |||
r-patched-linux-x86_64 | 1.0.0 | 61.29 | 46.02 | 107.31 | NOTE | |
r-release-linux-x86_64 | 1.0.0 | 57.45 | 46.23 | 103.68 | NOTE | |
r-release-macos-arm64 | 1.0.0 | 45.00 | NOTE | |||
r-release-macos-x86_64 | 1.0.0 | 54.00 | NOTE | |||
r-release-windows-x86_64 | 1.0.0 | 74.00 | 139.00 | 213.00 | NOTE | |
r-oldrel-macos-arm64 | 1.0.0 | 51.00 | NOTE | |||
r-oldrel-macos-x86_64 | 1.0.0 | 79.00 | NOTE | |||
r-oldrel-windows-ix86+x86_64 | 1.0.0 | 162.00 | 117.00 | 279.00 | NOTE |
Version: 1.0.0
Check: package subdirectories
Result: NOTE
Problems with news in ‘NEWS.md’:
No news entries found.
Flavors: r-devel-linux-x86_64-debian-clang, r-devel-linux-x86_64-debian-gcc, r-devel-linux-x86_64-fedora-clang, r-devel-linux-x86_64-fedora-gcc
Version: 1.0.0
Check: LazyData
Result: NOTE
'LazyData' is specified without a 'data' directory
Flavors: r-devel-linux-x86_64-debian-clang, r-devel-linux-x86_64-debian-gcc, r-devel-linux-x86_64-fedora-clang, r-devel-linux-x86_64-fedora-gcc, r-patched-linux-x86_64, r-release-linux-x86_64, r-release-macos-arm64, r-release-macos-x86_64, r-release-windows-x86_64, r-oldrel-macos-arm64, r-oldrel-macos-x86_64, r-oldrel-windows-ix86+x86_64
Version: 1.0.0
Check: installed package size
Result: NOTE
installed size is 7.5Mb
sub-directories of 1Mb or more:
libs 7.3Mb
Flavors: r-release-macos-arm64, r-release-macos-x86_64, r-oldrel-macos-arm64, r-oldrel-macos-x86_64