Last updated on 2023-03-31 16:53:54 CEST.
Flavor | Version | Tinstall | Tcheck | Ttotal | Status | Flags |
---|---|---|---|---|---|---|
r-devel-linux-x86_64-debian-clang | 0.9.0 | 26.89 | 29.67 | 56.56 | OK | |
r-devel-linux-x86_64-debian-gcc | 0.9.0 | 22.41 | 23.21 | 45.62 | OK | |
r-devel-linux-x86_64-fedora-clang | 0.9.0 | 82.75 | OK | |||
r-devel-linux-x86_64-fedora-gcc | 0.9.0 | 75.00 | OK | |||
r-devel-windows-x86_64 | 0.9.0 | 32.00 | 0.00 | 32.00 | NOTE | |
r-patched-linux-x86_64 | 0.9.0 | 24.30 | 28.69 | 52.99 | OK | |
r-release-linux-x86_64 | 0.9.0 | 27.10 | 30.18 | 57.28 | OK | |
r-release-macos-arm64 | 0.9.0 | 32.00 | OK | |||
r-release-macos-x86_64 | 0.9.0 | 36.00 | OK | |||
r-release-windows-x86_64 | 0.9.0 | 26.00 | 83.00 | 109.00 | OK | |
r-oldrel-macos-arm64 | 0.9.0 | 31.00 | OK | |||
r-oldrel-macos-x86_64 | 0.9.0 | 41.00 | OK | |||
r-oldrel-windows-ix86+x86_64 | 0.9.0 | 69.00 | 91.00 | 160.00 | OK |
Version: 0.9.0
Check: C++ specification
Result: NOTE
Specified C++14: please drop specification unless essential
Flavor: r-devel-windows-x86_64