Last updated on 2023-03-23 23:51:57 CET.
Flavor | Version | Tinstall | Tcheck | Ttotal | Status | Flags |
---|---|---|---|---|---|---|
r-devel-linux-x86_64-debian-clang | 1.2.2 | 78.05 | 89.75 | 167.80 | OK | |
r-devel-linux-x86_64-debian-gcc | 1.2.2 | 63.90 | 71.54 | 135.44 | OK | |
r-devel-linux-x86_64-fedora-clang | 1.2.2 | 212.47 | NOTE | |||
r-devel-linux-x86_64-fedora-gcc | 1.2.2 | 227.24 | NOTE | |||
r-patched-linux-x86_64 | 1.2.2 | 65.74 | 88.54 | 154.28 | OK | |
r-release-linux-x86_64 | 1.2.2 | 61.71 | 86.76 | 148.47 | OK | |
r-release-macos-arm64 | 1.2.2 | 64.00 | NOTE | |||
r-release-macos-x86_64 | 1.2.2 | 90.00 | NOTE | |||
r-release-windows-x86_64 | 1.2.2 | 57.00 | 155.00 | 212.00 | OK | |
r-oldrel-macos-arm64 | 1.2.2 | 53.00 | NOTE | |||
r-oldrel-macos-x86_64 | 1.2.2 | 88.00 | NOTE | |||
r-oldrel-windows-ix86+x86_64 | 1.2.2 | 149.00 | 150.00 | 299.00 | OK |
Version: 1.2.2
Check: dependencies in R code
Result: NOTE
Namespaces in Imports field not imported from:
‘MASS’ ‘utils’
All declared Imports should be used.
Flavors: r-devel-linux-x86_64-fedora-clang, r-devel-linux-x86_64-fedora-gcc
Version: 1.2.2
Check: installed package size
Result: NOTE
installed size is 26.7Mb
sub-directories of 1Mb or more:
libs 25.8Mb
Flavors: r-release-macos-arm64, r-release-macos-x86_64, r-oldrel-macos-arm64, r-oldrel-macos-x86_64