CRAN Package Check Results for Package netClust

Last updated on 2024-03-04 03:52:36 CET.

Flavor Version Tinstall Tcheck Ttotal Status Flags
r-devel-linux-x86_64-debian-clang 1.0.1 61.71 37.52 99.23 NOTE
r-devel-linux-x86_64-debian-gcc 1.0.1 45.51 26.07 71.58 NOTE
r-devel-linux-x86_64-fedora-clang 1.0.1 131.94 NOTE
r-devel-linux-x86_64-fedora-gcc 1.0.1 131.96 NOTE
r-devel-windows-x86_64 1.0.1 40.00 69.00 109.00 NOTE
r-patched-linux-x86_64 1.0.1 51.52 33.76 85.28 NOTE
r-release-linux-x86_64 1.0.1 53.98 34.29 88.27 NOTE
r-release-macos-arm64 1.0.1 36.00 NOTE
r-release-macos-x86_64 1.0.1 71.00 NOTE
r-release-windows-x86_64 1.0.1 40.00 77.00 117.00 NOTE
r-oldrel-macos-arm64 1.0.1 39.00 NOTE
r-oldrel-windows-x86_64 1.0.1 51.00 77.00 128.00 OK

Check Details

Version: 1.0.1
Check: C++ specification
Result: NOTE Specified C++11: please drop specification unless essential Flavors: r-devel-linux-x86_64-debian-clang, r-devel-linux-x86_64-debian-gcc, r-devel-linux-x86_64-fedora-clang, r-devel-linux-x86_64-fedora-gcc, r-devel-windows-x86_64, r-patched-linux-x86_64, r-release-linux-x86_64, r-release-macos-arm64, r-release-macos-x86_64, r-release-windows-x86_64

Version: 1.0.1
Check: installed package size
Result: NOTE installed size is 5.8Mb sub-directories of 1Mb or more: libs 5.7Mb Flavors: r-release-macos-arm64, r-release-macos-x86_64, r-oldrel-macos-arm64