Last updated on 2023-03-21 03:54:29 CET.
Flavor | Version | Tinstall | Tcheck | Ttotal | Status | Flags |
---|---|---|---|---|---|---|
r-devel-linux-x86_64-debian-clang | 1.0.1 | NOTE | ||||
r-devel-linux-x86_64-debian-gcc | 1.0.1 | 46.96 | 26.47 | 73.43 | NOTE | |
r-devel-linux-x86_64-fedora-clang | 1.0.1 | 127.99 | NOTE | |||
r-devel-linux-x86_64-fedora-gcc | 1.0.1 | 121.57 | NOTE | |||
r-patched-linux-x86_64 | 1.0.1 | 42.83 | 34.83 | 77.66 | OK | |
r-release-linux-x86_64 | 1.0.1 | 51.14 | 34.16 | 85.30 | OK | |
r-release-macos-arm64 | 1.0.1 | 36.00 | NOTE | |||
r-release-macos-x86_64 | 1.0.1 | 47.00 | NOTE | |||
r-release-windows-x86_64 | 1.0.1 | 53.00 | 84.00 | 137.00 | OK | |
r-oldrel-macos-arm64 | 1.0.1 | 44.00 | NOTE | |||
r-oldrel-macos-x86_64 | 1.0.1 | 81.00 | NOTE | |||
r-oldrel-windows-ix86+x86_64 | 1.0.1 | 125.00 | 98.00 | 223.00 | OK |
Version: 1.0.1
Check: C++ specification
Result: NOTE
Specified C++11: please drop specification unless essential
Flavors: r-devel-linux-x86_64-debian-clang, r-devel-linux-x86_64-debian-gcc, r-devel-linux-x86_64-fedora-clang, r-devel-linux-x86_64-fedora-gcc
Version: 1.0.1
Check: installed package size
Result: NOTE
installed size is 5.7Mb
sub-directories of 1Mb or more:
libs 5.6Mb
Flavors: r-release-macos-arm64, r-release-macos-x86_64, r-oldrel-macos-arm64, r-oldrel-macos-x86_64