CRAN Package Check Results for Package netmhc2pan

Last updated on 2023-10-02 09:04:56 CEST.

Flavor Version Tinstall Tcheck Ttotal Status Flags
r-devel-linux-x86_64-debian-clang 1.3.1 3.00 37.02 40.02 NOTE
r-devel-linux-x86_64-debian-gcc 1.3.1 2.96 28.04 31.00 NOTE
r-devel-linux-x86_64-fedora-clang 1.3.1 51.11 NOTE
r-devel-linux-x86_64-fedora-gcc 1.3.1 61.65 NOTE
r-devel-windows-x86_64 1.3.1 5.00 59.00 64.00 NOTE
r-patched-linux-x86_64 1.3.1 3.05 35.62 38.67 NOTE
r-release-linux-x86_64 1.3.1 3.39 35.81 39.20 NOTE
r-release-macos-arm64 1.3.1 30.00 NOTE
r-release-macos-x86_64 1.3.1 41.00 NOTE
r-release-windows-x86_64 1.3.1 7.00 60.00 67.00 NOTE
r-oldrel-macos-arm64 1.3.1 79.00 NOTE
r-oldrel-macos-x86_64 1.3.1 30.00 NOTE
r-oldrel-windows-x86_64 1.3.1 7.00 58.00 65.00 NOTE

Additional issues

donttest

Check Details

Version: 1.3.1
Check: LazyData
Result: NOTE
     'LazyData' is specified without a 'data' directory
Flavors: r-devel-linux-x86_64-debian-clang, r-devel-linux-x86_64-debian-gcc, r-devel-linux-x86_64-fedora-clang, r-devel-linux-x86_64-fedora-gcc, r-devel-windows-x86_64, r-patched-linux-x86_64, r-release-linux-x86_64, r-release-macos-arm64, r-release-macos-x86_64, r-release-windows-x86_64, r-oldrel-macos-arm64, r-oldrel-macos-x86_64, r-oldrel-windows-x86_64