CRAN Package Check Results for Package nflreadr

Last updated on 2022-01-25 04:00:10 CET.

Flavor Version Tinstall Tcheck Ttotal Status Flags
r-devel-linux-x86_64-debian-clang 1.1.2 3.55 54.44 57.99 OK
r-devel-linux-x86_64-debian-gcc 1.1.2 3.40 43.05 46.45 OK
r-devel-linux-x86_64-fedora-clang 1.1.2 71.43 NOTE
r-devel-linux-x86_64-fedora-gcc 1.1.2 60.62 NOTE
r-devel-windows-x86_64-new-UL 1.1.2 124.00 121.00 245.00 OK
r-devel-windows-x86_64-new-TK 1.1.2 NOTE
r-patched-linux-x86_64 1.1.2 4.08 58.51 62.59 OK
r-release-linux-x86_64 1.1.2 3.27 59.15 62.42 OK
r-release-macos-arm64 1.1.2 NOTE
r-release-macos-x86_64 1.1.2 NOTE
r-release-windows-ix86+x86_64 1.1.2 9.00 82.00 91.00 OK
r-oldrel-macos-x86_64 1.1.2 NOTE
r-oldrel-windows-ix86+x86_64 1.1.2 9.00 83.00 92.00 OK

Check Details

Version: 1.1.2
Check: dependencies in R code
Result: NOTE
    Namespaces in Imports field not imported from:
     ‘curl’ ‘qs’
     All declared Imports should be used.
Flavors: r-devel-linux-x86_64-fedora-clang, r-devel-linux-x86_64-fedora-gcc, r-devel-windows-x86_64-new-TK, r-release-macos-arm64, r-release-macos-x86_64, r-oldrel-macos-x86_64

Version: 1.1.2
Check: Rd cross-references
Result: NOTE
    Undeclared package ‘yaml’ in Rd xrefs
Flavor: r-devel-linux-x86_64-fedora-clang