CRAN Package Check Results for Package nima

Last updated on 2022-01-20 23:52:21 CET.

Flavor Version Tinstall Tcheck Ttotal Status Flags
r-devel-linux-x86_64-debian-clang 0.6.2 NOTE
r-devel-linux-x86_64-debian-gcc 0.6.2 4.87 49.06 53.93 NOTE
r-devel-linux-x86_64-fedora-clang 0.6.2 86.11 NOTE
r-devel-linux-x86_64-fedora-gcc 0.6.2 72.23 NOTE
r-devel-windows-x86_64-new-UL 0.6.2 32.00 84.00 116.00 NOTE
r-devel-windows-x86_64-new-TK 0.6.2 NOTE
r-patched-linux-x86_64 0.6.2 4.69 60.97 65.66 NOTE
r-release-linux-x86_64 0.6.2 4.18 60.08 64.26 NOTE
r-release-macos-arm64 0.6.2 NOTE
r-release-macos-x86_64 0.6.2 NOTE
r-release-windows-ix86+x86_64 0.6.2 15.00 75.00 90.00 NOTE
r-oldrel-macos-x86_64 0.6.2 OK
r-oldrel-windows-ix86+x86_64 0.6.2 16.00 76.00 92.00 OK

Check Details

Version: 0.6.2
Check: LazyData
Result: NOTE
     'LazyData' is specified without a 'data' directory
Flavors: r-devel-linux-x86_64-debian-clang, r-devel-linux-x86_64-debian-gcc, r-devel-linux-x86_64-fedora-clang, r-devel-linux-x86_64-fedora-gcc, r-devel-windows-x86_64-new-UL, r-devel-windows-x86_64-new-TK, r-patched-linux-x86_64, r-release-linux-x86_64, r-release-macos-arm64, r-release-macos-x86_64, r-release-windows-ix86+x86_64