Last updated on 2023-12-02 12:48:25 CET.
Flavor | Version | Tinstall | Tcheck | Ttotal | Status | Flags |
---|---|---|---|---|---|---|
r-devel-linux-x86_64-debian-clang | 1.0.1 | 447.85 | 309.87 | 757.72 | WARN | |
r-devel-linux-x86_64-debian-gcc | 1.0.1 | 344.47 | 237.43 | 581.90 | WARN | |
r-devel-linux-x86_64-fedora-clang | 1.0.1 | 1131.57 | WARN | |||
r-devel-linux-x86_64-fedora-gcc | 1.0.1 | 1141.26 | WARN | |||
r-devel-windows-x86_64 | 1.0.1 | 399.00 | 249.00 | 648.00 | WARN | |
r-patched-linux-x86_64 | 1.0.1 | 360.40 | 308.38 | 668.78 | OK | |
r-release-linux-x86_64 | 1.0.1 | 399.09 | 305.78 | 704.87 | OK | |
r-release-macos-arm64 | 1.0.1 | 202.00 | NOTE | |||
r-release-macos-x86_64 | 1.0.1 | 769.00 | NOTE | |||
r-release-windows-x86_64 | 1.0.1 | 532.00 | 309.00 | 841.00 | NOTE | |
r-oldrel-macos-arm64 | 1.0.1 | 195.00 | NOTE | |||
r-oldrel-macos-x86_64 | 1.0.1 | 295.00 | NOTE | |||
r-oldrel-windows-x86_64 | 1.0.1 | 482.00 | 263.00 | 745.00 | NOTE |
Version: 1.0.1
Check: whether package can be installed
Result: WARN
Found the following significant warnings:
eigenUsingClasses.cpp:33:5: warning: format specifies type 'char *' but the argument has type 'SEXP' (aka 'SEXPREC *') [-Wformat]
eigenUsingClasses.cpp:42:7: warning: format specifies type 'char *' but the argument has type 'SEXP' (aka 'SEXPREC *') [-Wformat]
eigenUsingClasses.cpp:55:5: warning: format specifies type 'char *' but the argument has type 'SEXP' (aka 'SEXPREC *') [-Wformat]
eigenUsingClasses.cpp:64:7: warning: format specifies type 'char *' but the argument has type 'SEXP' (aka 'SEXPREC *') [-Wformat]
../include/nimble/RcppNimbleUtils.h:242:11: warning: format specifies type 'char *' but the argument has type 'SEXP' (aka 'SEXPREC *') [-Wformat]
../include/nimble/RcppNimbleUtils.h:246:17: warning: format specifies type 'int' but the argument has type 'size_type' (aka 'unsigned long') [-Wformat]
../include/nimble/RcppNimbleUtils.h:255:7: warning: format specifies type 'char *' but the argument has type 'SEXP' (aka 'SEXPREC *') [-Wformat]
Utils.cpp:65:36: warning: format string is not a string literal (potentially insecure) [-Wformat-security]
../inst/include/nimble/RcppNimbleUtils.h:242:11: warning: format specifies type 'char *' but the argument has type 'SEXP' (aka 'SEXPREC *') [-Wformat]
../inst/include/nimble/RcppNimbleUtils.h:246:17: warning: format specifies type 'int' but the argument has type 'size_type' (aka 'unsigned long') [-Wformat]
../inst/include/nimble/RcppNimbleUtils.h:255:7: warning: format specifies type 'char *' but the argument has type 'SEXP' (aka 'SEXPREC *') [-Wformat]
See ‘/home/hornik/tmp/R.check/r-devel-clang/Work/PKGS/nimble.Rcheck/00install.out’ for details.
* used C++ compiler: ‘Debian clang version 17.0.5 (1)’
Flavor: r-devel-linux-x86_64-debian-clang
Version: 1.0.1
Check: Rd files
Result: NOTE
checkRd: (-1) ChineseRestaurantProcess.Rd:50: Lost braces
50 | P\'{o}lya urn schemes. \emph{The Annals of Statistics}, 1: 353-355.
| ^
checkRd: (-1) ChineseRestaurantProcess.Rd:52: Lost braces
52 | Aldous, D. J. (1985). Exchangeability and related topics. In \emph{\'{E}cole d'\'{E}t\'{e}
| ^
checkRd: (-1) ChineseRestaurantProcess.Rd:52: Lost braces
52 | Aldous, D. J. (1985). Exchangeability and related topics. In \emph{\'{E}cole d'\'{E}t\'{e}
| ^
checkRd: (-1) ChineseRestaurantProcess.Rd:52: Lost braces
52 | Aldous, D. J. (1985). Exchangeability and related topics. In \emph{\'{E}cole d'\'{E}t\'{e}
| ^
checkRd: (-1) ChineseRestaurantProcess.Rd:53: Lost braces
53 | de Probabilit\'{e}s de Saint-Flour XIII - 1983} (pp. 1-198). Springer, Berlin,
| ^
checkRd: (-1) buildMCEM.Rd:54: Lost braces in \itemize; \value handles \item{}{} directly
checkRd: (-1) buildMCEM.Rd:55-56: Lost braces in \itemize; \value handles \item{}{} directly
checkRd: (-1) buildMCEM.Rd:72-74: Lost braces in \itemize; meant \describe ?
checkRd: (-1) buildMCEM.Rd:81-84: Lost braces in \itemize; meant \describe ?
checkRd: (-1) buildMCEM.Rd:85-88: Lost braces in \itemize; meant \describe ?
checkRd: (-1) nimDerivs.Rd:22: Lost braces; missing escapes or markup?
22 | \item{order}{an integer vector with values within the set {0, 1, 2},
| ^
checkRd: (-1) registerDistributions.Rd:31-33: Lost braces in \itemize; meant \describe ?
checkRd: (-1) registerDistributions.Rd:34-36: Lost braces in \itemize; meant \describe ?
checkRd: (-1) registerDistributions.Rd:37-39: Lost braces in \itemize; meant \describe ?
checkRd: (-1) registerDistributions.Rd:40-42: Lost braces in \itemize; meant \describe ?
checkRd: (-1) registerDistributions.Rd:43-45: Lost braces in \itemize; meant \describe ?
checkRd: (-1) registerDistributions.Rd:46-48: Lost braces in \itemize; meant \describe ?
checkRd: (-1) registerDistributions.Rd:49-51: Lost braces in \itemize; meant \describe ?
checkRd: (-1) runCrossValidate.Rd:62: Lost braces in \itemize; \value handles \item{}{} directly
checkRd: (-1) runCrossValidate.Rd:63: Lost braces in \itemize; \value handles \item{}{} directly
checkRd: (-1) runCrossValidate.Rd:64: Lost braces in \itemize; \value handles \item{}{} directly
checkRd: (-1) runCrossValidate.Rd:65: Lost braces in \itemize; \value handles \item{}{} directly
checkRd: (-1) runCrossValidate.Rd:112-114: Lost braces in \itemize; meant \describe ?
checkRd: (-1) runCrossValidate.Rd:115-117: Lost braces in \itemize; meant \describe ?
checkRd: (-1) simNodesMV.Rd:38-40: Lost braces in \itemize; meant \describe ?
checkRd: (-1) simNodesMV.Rd:42-44: Lost braces in \itemize; meant \describe ?
Flavors: r-devel-linux-x86_64-debian-clang, r-devel-linux-x86_64-debian-gcc
Version: 1.0.1
Check: whether package can be installed
Result: WARN
Found the following significant warnings:
RcppUtils.cpp:237:72: warning: unknown conversion type character '>' in format [-Wformat=]
RcppUtils.cpp:273:73: warning: unknown conversion type character '>' in format [-Wformat=]
../include/nimble/Utils.h:64:80: warning: format '%s' expects argument of type 'char*', but argument 2 has type 'SEXP' {aka 'SEXPREC*'} [-Wformat=]
../include/nimble/Utils.h:65:89: warning: format '%s' expects argument of type 'char*', but argument 3 has type 'SEXP' {aka 'SEXPREC*'} [-Wformat=]
../include/nimble/Utils.h:66:98: warning: format '%d' expects argument of type 'int', but argument 4 has type 'std::vector<int>::size_type' {aka 'long unsigned int'} [-Wformat=]
../include/nimble/Utils.h:65:89: warning: format '%s' expects argument of type 'char*', but argument 2 has type 'SEXP' {aka 'SEXPREC*'} [-Wformat=]
Utils.cpp:66:26: warning: zero-length gnu_printf format string [-Wformat-zero-length]
RcppUtils.cpp:237:72: warning: unknown conversion type character ‘>’ in format [-Wformat=]
RcppUtils.cpp:273:73: warning: unknown conversion type character ‘>’ in format [-Wformat=]
../inst/include/nimble/Utils.h:64:80: warning: format ‘%s’ expects argument of type ‘char*’, but argument 2 has type ‘SEXP’ {aka ‘SEXPREC*’} [-Wformat=]
../inst/include/nimble/Utils.h:65:89: warning: format ‘%s’ expects argument of type ‘char*’, but argument 3 has type ‘SEXP’ {aka ‘SEXPREC*’} [-Wformat=]
../inst/include/nimble/Utils.h:66:98: warning: format ‘%d’ expects argument of type ‘int’, but argument 4 has type ‘std::vector<int>::size_type’ {aka ‘long unsigned int’} [-Wformat=]
../inst/include/nimble/Utils.h:65:89: warning: format ‘%s’ expects argument of type ‘char*’, but argument 2 has type ‘SEXP’ {aka ‘SEXPREC*’} [-Wformat=]
See ‘/home/hornik/tmp/R.check/r-devel-gcc/Work/PKGS/nimble.Rcheck/00install.out’ for details.
* used C++ compiler: ‘g++-13 (Debian 13.2.0-5) 13.2.0’
Flavor: r-devel-linux-x86_64-debian-gcc
Version: 1.0.1
Check: whether package can be installed
Result: WARN
Found the following significant warnings:
eigenUsingClasses.cpp:33:5: warning: format specifies type 'char *' but the argument has type 'SEXP' (aka 'SEXPREC *') [-Wformat]
eigenUsingClasses.cpp:42:7: warning: format specifies type 'char *' but the argument has type 'SEXP' (aka 'SEXPREC *') [-Wformat]
eigenUsingClasses.cpp:55:5: warning: format specifies type 'char *' but the argument has type 'SEXP' (aka 'SEXPREC *') [-Wformat]
eigenUsingClasses.cpp:64:7: warning: format specifies type 'char *' but the argument has type 'SEXP' (aka 'SEXPREC *') [-Wformat]
../include/nimble/RcppNimbleUtils.h:242:11: warning: format specifies type 'char *' but the argument has type 'SEXP' (aka 'SEXPREC *') [-Wformat]
../include/nimble/RcppNimbleUtils.h:246:17: warning: format specifies type 'int' but the argument has type 'size_type' (aka 'unsigned long') [-Wformat]
../include/nimble/RcppNimbleUtils.h:255:7: warning: format specifies type 'char *' but the argument has type 'SEXP' (aka 'SEXPREC *') [-Wformat]
Utils.cpp:65:36: warning: format string is not a string literal (potentially insecure) [-Wformat-security]
../inst/include/nimble/RcppNimbleUtils.h:242:11: warning: format specifies type 'char *' but the argument has type 'SEXP' (aka 'SEXPREC *') [-Wformat]
../inst/include/nimble/RcppNimbleUtils.h:246:17: warning: format specifies type 'int' but the argument has type 'size_type' (aka 'unsigned long') [-Wformat]
../inst/include/nimble/RcppNimbleUtils.h:255:7: warning: format specifies type 'char *' but the argument has type 'SEXP' (aka 'SEXPREC *') [-Wformat]
See ‘/data/gannet/ripley/R/packages/tests-clang/nimble.Rcheck/00install.out’ for details.
* used C++ compiler: ‘clang version 17.0.5’
Flavor: r-devel-linux-x86_64-fedora-clang
Version: 1.0.1
Check: installed package size
Result: NOTE
installed size is 23.7Mb
sub-directories of 1Mb or more:
CppCode 2.7Mb
R 7.5Mb
classic-bugs 1.6Mb
include 10.6Mb
Flavors: r-devel-linux-x86_64-fedora-clang, r-devel-windows-x86_64, r-release-macos-arm64, r-release-macos-x86_64, r-release-windows-x86_64, r-oldrel-macos-arm64, r-oldrel-macos-x86_64, r-oldrel-windows-x86_64
Version: 1.0.1
Check: whether package can be installed
Result: WARN
Found the following significant warnings:
RcppUtils.cpp:237:72: warning: unknown conversion type character '>' in format [-Wformat=]
RcppUtils.cpp:273:73: warning: unknown conversion type character '>' in format [-Wformat=]
../include/nimble/Utils.h:64:80: warning: format '%s' expects argument of type 'char*', but argument 2 has type 'SEXP' {aka 'SEXPREC*'} [-Wformat=]
../include/nimble/Utils.h:65:89: warning: format '%s' expects argument of type 'char*', but argument 3 has type 'SEXP' {aka 'SEXPREC*'} [-Wformat=]
../include/nimble/Utils.h:66:98: warning: format '%d' expects argument of type 'int', but argument 4 has type 'std::vector<int>::size_type' {aka 'long unsigned int'} [-Wformat=]
../include/nimble/Utils.h:65:89: warning: format '%s' expects argument of type 'char*', but argument 2 has type 'SEXP' {aka 'SEXPREC*'} [-Wformat=]
Utils.cpp:66:26: warning: zero-length gnu_printf format string [-Wformat-zero-length]
../inst/include/nimble/Utils.h:64:80: warning: format '%s' expects argument of type 'char*', but argument 2 has type 'SEXP' {aka 'SEXPREC*'} [-Wformat=]
../inst/include/nimble/Utils.h:65:89: warning: format '%s' expects argument of type 'char*', but argument 3 has type 'SEXP' {aka 'SEXPREC*'} [-Wformat=]
../inst/include/nimble/Utils.h:66:98: warning: format '%d' expects argument of type 'int', but argument 4 has type 'std::vector<int>::size_type' {aka 'long unsigned int'} [-Wformat=]
../inst/include/nimble/Utils.h:65:89: warning: format '%s' expects argument of type 'char*', but argument 2 has type 'SEXP' {aka 'SEXPREC*'} [-Wformat=]
See ‘/data/gannet/ripley/R/packages/tests-devel/nimble.Rcheck/00install.out’ for details.
* used C++ compiler: ‘g++-13 (GCC) 13.2.0’
Flavor: r-devel-linux-x86_64-fedora-gcc
Version: 1.0.1
Check: whether package can be installed
Result: WARN
Found the following significant warnings:
RcppUtils.cpp:237:72: warning: unknown conversion type character '>' in format [-Wformat=]
RcppUtils.cpp:273:73: warning: unknown conversion type character '>' in format [-Wformat=]
../include/nimble/Utils.h:64:80: warning: format '%s' expects argument of type 'char*', but argument 2 has type 'SEXP' {aka 'SEXPREC*'} [-Wformat=]
../include/nimble/Utils.h:65:89: warning: format '%s' expects argument of type 'char*', but argument 3 has type 'SEXP' {aka 'SEXPREC*'} [-Wformat=]
../include/nimble/Utils.h:66:98: warning: format '%d' expects argument of type 'int', but argument 4 has type 'std::vector<int>::size_type' {aka 'long long unsigned int'} [-Wformat=]
../include/nimble/Utils.h:65:89: warning: format '%s' expects argument of type 'char*', but argument 2 has type 'SEXP' {aka 'SEXPREC*'} [-Wformat=]
Utils.cpp:66:26: warning: zero-length gnu_printf format string [-Wformat-zero-length]
../inst/include/nimble/Utils.h:64:80: warning: format '%s' expects argument of type 'char*', but argument 2 has type 'SEXP' {aka 'SEXPREC*'} [-Wformat=]
../inst/include/nimble/Utils.h:65:89: warning: format '%s' expects argument of type 'char*', but argument 3 has type 'SEXP' {aka 'SEXPREC*'} [-Wformat=]
../inst/include/nimble/Utils.h:66:98: warning: format '%d' expects argument of type 'int', but argument 4 has type 'std::vector<int>::size_type' {aka 'long long unsigned int'} [-Wformat=]
../inst/include/nimble/Utils.h:65:89: warning: format '%s' expects argument of type 'char*', but argument 2 has type 'SEXP' {aka 'SEXPREC*'} [-Wformat=]
See 'd:/Rcompile/CRANpkg/local/4.4/nimble.Rcheck/00install.out' for details.
* used C++ compiler: 'g++.exe (GCC) 12.3.0'
Flavor: r-devel-windows-x86_64