CRAN Package Check Results for Package nlcv

Last updated on 2024-06-12 20:59:05 CEST.

Flavor Version Tinstall Tcheck Ttotal Status Flags
r-devel-linux-x86_64-debian-clang 0.3.5 45.74 540.20 585.94 NOTE
r-devel-linux-x86_64-debian-gcc 0.3.5 0.50 1.81 2.31 ERROR
r-devel-linux-x86_64-fedora-clang 0.3.5 744.69 NOTE
r-devel-linux-x86_64-fedora-gcc 0.3.5 489.09 NOTE
r-devel-windows-x86_64 0.3.5 42.00 362.00 404.00 NOTE
r-patched-linux-x86_64 0.3.5 38.53 508.44 546.97 NOTE
r-release-linux-x86_64 0.3.5 33.57 499.85 533.42 NOTE
r-release-macos-arm64 0.3.5 184.00 NOTE
r-release-macos-x86_64 0.3.5 291.00 NOTE
r-release-windows-x86_64 0.3.5 42.00 367.00 409.00 NOTE
r-oldrel-macos-arm64 0.3.5 190.00 OK
r-oldrel-macos-x86_64 0.3.5 436.00 OK
r-oldrel-windows-x86_64 0.3.5 56.00 455.00 511.00 OK

Check Details

Version: 0.3.5
Check: Rd files
Result: NOTE checkRd: (-1) mcrPlot.Rd:42-44: Lost braces in \itemize; \value handles \item{}{} directly checkRd: (-1) mcrPlot.Rd:45-47: Lost braces in \itemize; \value handles \item{}{} directly Flavors: r-devel-linux-x86_64-debian-clang, r-devel-linux-x86_64-fedora-clang, r-devel-linux-x86_64-fedora-gcc, r-devel-windows-x86_64, r-patched-linux-x86_64, r-release-linux-x86_64, r-release-macos-arm64, r-release-macos-x86_64, r-release-windows-x86_64

Version: 0.3.5
Check: package dependencies
Result: ERROR Package required but not available: ‘MLInterfaces’ See section ‘The DESCRIPTION file’ in the ‘Writing R Extensions’ manual. Flavor: r-devel-linux-x86_64-debian-gcc