Last updated on 2023-01-26 23:55:57 CET.
Flavor | Version | Tinstall | Tcheck | Ttotal | Status | Flags |
---|---|---|---|---|---|---|
r-devel-linux-x86_64-debian-clang | 2.1.3 | 368.26 | 198.21 | 566.47 | OK | |
r-devel-linux-x86_64-debian-gcc | 2.1.3 | 317.19 | 141.66 | 458.85 | OK | |
r-devel-linux-x86_64-fedora-clang | 2.1.3 | 865.93 | NOTE | |||
r-devel-linux-x86_64-fedora-gcc | 2.1.3 | 860.89 | NOTE | |||
r-patched-linux-x86_64 | 2.1.3 | 322.00 | 181.89 | 503.89 | OK | |
r-release-linux-x86_64 | 2.1.3 | 266.65 | 182.58 | 449.23 | OK | |
r-release-macos-arm64 | 2.1.3 | 195.00 | NOTE | |||
r-release-macos-x86_64 | 2.1.3 | 228.00 | NOTE | |||
r-release-windows-x86_64 | 2.1.3 | 448.00 | 245.00 | 693.00 | OK | |
r-oldrel-macos-arm64 | 2.1.3 | 195.00 | NOTE | |||
r-oldrel-macos-x86_64 | 2.1.3 | 239.00 | NOTE | |||
r-oldrel-windows-ix86+x86_64 | 2.1.3 | 925.00 | 342.00 | 1267.00 | NOTE |
Version: 2.1.3
Check: C++ specification
Result: NOTE
Specified C++14: please update to current default of C++17
Flavors: r-devel-linux-x86_64-fedora-clang, r-devel-linux-x86_64-fedora-gcc
Version: 2.1.3
Check: dependencies in R code
Result: NOTE
Namespace in Imports field not imported from: ‘vpc’
All declared Imports should be used.
Flavors: r-devel-linux-x86_64-fedora-clang, r-devel-linux-x86_64-fedora-gcc, r-release-macos-arm64, r-release-macos-x86_64, r-oldrel-macos-arm64, r-oldrel-macos-x86_64
Version: 2.1.3
Check: installed package size
Result: NOTE
installed size is 29.8Mb
sub-directories of 1Mb or more:
libs 28.7Mb
Flavors: r-release-macos-arm64, r-release-macos-x86_64, r-oldrel-macos-arm64, r-oldrel-macos-x86_64, r-oldrel-windows-ix86+x86_64