CRAN Package Check Results for Package nlreg

Last updated on 2024-04-20 00:56:16 CEST.

Flavor Version Tinstall Tcheck Ttotal Status Flags
r-devel-linux-x86_64-debian-clang 1.2-2.2 13.33 107.37 120.70 NOTE
r-devel-linux-x86_64-debian-gcc 1.2-2.2 NOTE
r-devel-linux-x86_64-fedora-clang 1.2-2.2 151.51 NOTE
r-devel-linux-x86_64-fedora-gcc 1.2-2.2 149.12 NOTE
r-prerel-macos-arm64 1.2-2.2 41.00 NOTE
r-prerel-windows-x86_64 1.2-2.2 12.00 98.00 110.00 NOTE
r-patched-linux-x86_64 1.2-2.2 17.67 107.12 124.79 NOTE
r-release-linux-x86_64 1.2-2.2 14.47 109.56 124.03 NOTE
r-release-macos-arm64 1.2-2.2 46.00 NOTE
r-release-macos-x86_64 1.2-2.2 78.00 NOTE
r-release-windows-x86_64 1.2-2.2 15.00 117.00 132.00 NOTE
r-oldrel-macos-arm64 1.2-2.2 39.00 OK
r-oldrel-windows-x86_64 1.2-2.2 16.00 124.00 140.00 OK

Check Details

Version: 1.2-2.2
Check: Rd files
Result: NOTE checkRd: (-1) Dmean.Rd:62: Escaped LaTeX specials: \& checkRd: (-1) Dvar.Rd:63: Escaped LaTeX specials: \& Flavors: r-devel-linux-x86_64-debian-clang, r-devel-linux-x86_64-debian-gcc, r-devel-linux-x86_64-fedora-clang, r-devel-linux-x86_64-fedora-gcc, r-prerel-macos-arm64, r-prerel-windows-x86_64, r-patched-linux-x86_64, r-release-linux-x86_64, r-release-macos-arm64, r-release-macos-x86_64, r-release-windows-x86_64

Version: 1.2-2.2
Check: package dependencies
Result: NOTE Package suggested but not available for checking: ‘csampling’ Flavor: r-release-macos-x86_64

Version: 1.2-2.2
Check: Rd cross-references
Result: NOTE Package unavailable to check Rd xrefs: ‘csampling’ Flavor: r-release-macos-x86_64