Last updated on 2023-12-07 07:50:39 CET.
Flavor | Version | Tinstall | Tcheck | Ttotal | Status | Flags |
---|---|---|---|---|---|---|
r-devel-linux-x86_64-debian-clang | 1.0.1 | 21.95 | 173.65 | 195.60 | WARN | |
r-devel-linux-x86_64-debian-gcc | 1.0.1 | 16.29 | 127.07 | 143.36 | WARN | |
r-devel-linux-x86_64-fedora-clang | 1.0.1 | 238.31 | WARN | |||
r-devel-linux-x86_64-fedora-gcc | 1.0.1 | 236.99 | WARN | |||
r-devel-windows-x86_64 | 1.0.1 | 21.00 | 150.00 | 171.00 | WARN | |
r-patched-linux-x86_64 | 1.0.1 | 29.23 | 165.99 | 195.22 | OK | |
r-release-linux-x86_64 | 1.0.1 | 16.36 | 161.97 | 178.33 | OK | |
r-release-macos-arm64 | 1.0.1 | 70.00 | OK | |||
r-release-macos-x86_64 | 1.0.1 | 159.00 | OK | |||
r-release-windows-x86_64 | 1.0.1 | 29.00 | 177.00 | 206.00 | OK | |
r-oldrel-macos-arm64 | 1.0.1 | 59.00 | OK | |||
r-oldrel-macos-x86_64 | 1.0.1 | 92.00 | OK | |||
r-oldrel-windows-x86_64 | 1.0.1 | 27.00 | 167.00 | 194.00 | OK |
Version: 1.0.1
Check: whether package can be installed
Result: WARN
Found the following significant warnings:
logistf.c:118:79: warning: format specifies type 'int' but the argument has type 'long' [-Wformat]
See ‘/home/hornik/tmp/R.check/r-devel-clang/Work/PKGS/nncc.Rcheck/00install.out’ for details.
* used C compiler: ‘Debian clang version 17.0.5 (1)’
Flavor: r-devel-linux-x86_64-debian-clang
Version: 1.0.1
Check: Rd metadata
Result: NOTE
Invalid package aliases in Rd file 'logistf-package.Rd':
‘logistf-package’ ‘{logistf}-package’
Flavors: r-devel-linux-x86_64-debian-clang, r-devel-linux-x86_64-debian-gcc, r-devel-linux-x86_64-fedora-clang, r-devel-linux-x86_64-fedora-gcc, r-devel-windows-x86_64
Version: 1.0.1
Check: whether package can be installed
Result: WARN
Found the following significant warnings:
logistf.c:118:58: warning: format ‘%d’ expects argument of type ‘int’, but argument 2 has type ‘long int’ [-Wformat=]
See ‘/home/hornik/tmp/R.check/r-devel-gcc/Work/PKGS/nncc.Rcheck/00install.out’ for details.
* used C compiler: ‘gcc-13 (Debian 13.2.0-7) 13.2.0’
Flavor: r-devel-linux-x86_64-debian-gcc
Version: 1.0.1
Check: whether package can be installed
Result: WARN
Found the following significant warnings:
logistf.c:118:79: warning: format specifies type 'int' but the argument has type 'long' [-Wformat]
See ‘/data/gannet/ripley/R/packages/tests-clang/nncc.Rcheck/00install.out’ for details.
* used C compiler: ‘clang version 17.0.5’
Flavor: r-devel-linux-x86_64-fedora-clang
Version: 1.0.1
Check: whether package can be installed
Result: WARN
Found the following significant warnings:
logistf.c:118:58: warning: format '%d' expects argument of type 'int', but argument 2 has type 'long int' [-Wformat=]
See ‘/data/gannet/ripley/R/packages/tests-devel/nncc.Rcheck/00install.out’ for details.
* used C compiler: ‘gcc-13 (GCC) 13.2.0’
Flavor: r-devel-linux-x86_64-fedora-gcc
Version: 1.0.1
Check: whether package can be installed
Result: WARN
Found the following significant warnings:
logistf.c:118:58: warning: format '%d' expects argument of type 'int', but argument 2 has type 'long int' [-Wformat=]
See 'd:/Rcompile/CRANpkg/local/4.4/nncc.Rcheck/00install.out' for details.
* used C compiler: 'gcc.exe (GCC) 12.3.0'
Flavor: r-devel-windows-x86_64