Last updated on 2023-03-31 08:54:07 CEST.
Flavor | Version | Tinstall | Tcheck | Ttotal | Status | Flags |
---|---|---|---|---|---|---|
r-devel-linux-x86_64-debian-clang | 0.2.12 | 161.12 | 126.61 | 287.73 | NOTE | |
r-devel-linux-x86_64-debian-gcc | 0.2.12 | 119.26 | 96.44 | 215.70 | NOTE | |
r-devel-linux-x86_64-fedora-clang | 0.2.12 | 440.30 | NOTE | |||
r-devel-linux-x86_64-fedora-gcc | 0.2.12 | 361.75 | NOTE | |||
r-devel-windows-x86_64 | 0.2.12 | 288.00 | 0.00 | 288.00 | NOTE | |
r-patched-linux-x86_64 | 0.2.12 | 128.69 | 125.11 | 253.80 | NOTE | |
r-release-linux-x86_64 | 0.2.12 | 129.15 | 120.48 | 249.63 | OK | |
r-release-macos-arm64 | 0.2.12 | 103.00 | OK | |||
r-release-macos-x86_64 | 0.2.12 | 120.00 | OK | |||
r-release-windows-x86_64 | 0.2.12 | 312.00 | 272.00 | 584.00 | OK | |
r-oldrel-macos-arm64 | 0.2.12 | 104.00 | OK | |||
r-oldrel-macos-x86_64 | 0.2.12 | 116.00 | OK | |||
r-oldrel-windows-ix86+x86_64 | 0.2.12 | 365.00 | 250.00 | 615.00 | NOTE |
Version: 0.2.12
Check: C++ specification
Result: NOTE
Specified C++11: please drop specification unless essential
Flavors: r-devel-linux-x86_64-debian-clang, r-devel-linux-x86_64-debian-gcc, r-devel-linux-x86_64-fedora-clang, r-devel-linux-x86_64-fedora-gcc, r-devel-windows-x86_64, r-patched-linux-x86_64
Version: 0.2.12
Check: R code for possible problems
Result: NOTE
Initiating curl with CURL_SSL_BACKEND: openssl
Flavor: r-oldrel-windows-ix86+x86_64