Last updated on 2023-03-23 23:51:57 CET.
Flavor | Version | Tinstall | Tcheck | Ttotal | Status | Flags |
---|---|---|---|---|---|---|
r-devel-linux-x86_64-debian-clang | 0.8.0 | 38.70 | 89.47 | 128.17 | OK | |
r-devel-linux-x86_64-debian-gcc | 0.8.0 | 28.00 | 65.29 | 93.29 | OK | |
r-devel-linux-x86_64-fedora-clang | 0.8.0 | 152.76 | OK | |||
r-devel-linux-x86_64-fedora-gcc | 0.8.0 | 145.43 | OK | |||
r-patched-linux-x86_64 | 0.8.0 | 30.02 | 82.83 | 112.85 | OK | |
r-release-linux-x86_64 | 0.8.0 | 32.77 | 82.90 | 115.67 | OK | |
r-release-macos-arm64 | 0.8.0 | 35.00 | NOTE | |||
r-release-macos-x86_64 | 0.8.0 | 52.00 | NOTE | |||
r-release-windows-x86_64 | 0.8.0 | 43.00 | 125.00 | 168.00 | OK | |
r-oldrel-macos-arm64 | 0.8.0 | 43.00 | NOTE | |||
r-oldrel-macos-x86_64 | 0.8.0 | 66.00 | NOTE | |||
r-oldrel-windows-ix86+x86_64 | 0.8.0 | 72.00 | 132.00 | 204.00 | OK |
Version: 0.8.0
Check: package dependencies
Result: NOTE
Package suggested but not available for checking: ‘Rmpi’
Flavors: r-release-macos-arm64, r-release-macos-x86_64, r-oldrel-macos-arm64, r-oldrel-macos-x86_64