Last updated on 2023-12-01 15:53:42 CET.
Flavor | Version | Tinstall | Tcheck | Ttotal | Status | Flags |
---|---|---|---|---|---|---|
r-devel-linux-x86_64-debian-clang | 0.8-5 | 4.29 | 41.97 | 46.26 | OK | |
r-devel-linux-x86_64-debian-gcc | 0.8-5 | 3.34 | 30.99 | 34.33 | OK | |
r-devel-linux-x86_64-fedora-clang | 0.8-5 | 60.63 | OK | |||
r-devel-linux-x86_64-fedora-gcc | 0.8-5 | 58.10 | OK | |||
r-devel-windows-x86_64 | 0.8-5 | 5.00 | 67.00 | 72.00 | OK | |
r-patched-linux-x86_64 | 0.8-5 | 5.59 | 39.66 | 45.25 | OK | |
r-release-linux-x86_64 | 0.8-5 | 3.88 | 39.61 | 43.49 | OK | |
r-release-macos-arm64 | 0.8-5 | 22.00 | OK | |||
r-release-macos-x86_64 | 0.8-5 | 31.00 | OK | |||
r-release-windows-x86_64 | 0.8-5 | 5.00 | 66.00 | 71.00 | OK | |
r-oldrel-macos-arm64 | 0.8-5 | 23.00 | OK | |||
r-oldrel-macos-x86_64 | 0.8-5 | 40.00 | ERROR | |||
r-oldrel-windows-x86_64 | 0.8-5 | 7.00 | 66.00 | 73.00 | OK |
Version: 0.8-5
Check: PDF version of manual
Result: WARN
LaTeX errors when creating PDF version.
This typically indicates Rd problems.
LaTeX errors found:
! Undefined control sequence.
<argument> x_i = a_i \, \mod
\, m_i, \quad 1 \le i \le n
l.562 ...i \, \mod \, m_i, \quad 1 \le i \le n }{}
! Undefined control sequence.
<argument> a_i = a_j \, \mod
\, \gcd (m_i, m_j)
l.566 \deqn{a_i = a_j \, \mod \, \gcd(m_i, m_j)}{}
Flavor: r-oldrel-macos-x86_64
Version: 0.8-5
Check: PDF version of manual without index
Result: ERROR
Flavor: r-oldrel-macos-x86_64