Last updated on 2023-03-28 09:53:53 CEST.
Flavor | Version | Tinstall | Tcheck | Ttotal | Status | Flags |
---|---|---|---|---|---|---|
r-devel-linux-x86_64-debian-clang | 0.0.18 | 53.61 | 76.80 | 130.41 | NOTE | |
r-devel-linux-x86_64-debian-gcc | 0.0.18 | 43.46 | 57.21 | 100.67 | NOTE | |
r-devel-linux-x86_64-fedora-clang | 0.0.18 | 175.89 | NOTE | |||
r-devel-linux-x86_64-fedora-gcc | 0.0.18 | 169.94 | NOTE | |||
r-patched-linux-x86_64 | 0.0.18 | 43.43 | 70.98 | 114.41 | NOTE | |
r-release-linux-x86_64 | 0.0.18 | 44.33 | 74.64 | 118.97 | OK | |
r-release-macos-arm64 | 0.0.18 | 47.00 | OK | |||
r-release-macos-x86_64 | 0.0.18 | 68.00 | OK | |||
r-release-windows-x86_64 | 0.0.18 | 61.00 | 141.00 | 202.00 | OK | |
r-oldrel-macos-arm64 | 0.0.18 | 44.00 | OK | |||
r-oldrel-macos-x86_64 | 0.0.18 | 71.00 | OK | |||
r-oldrel-windows-ix86+x86_64 | 0.0.18 | 128.00 | 139.00 | 267.00 | OK |
Version: 0.0.18
Check: C++ specification
Result: NOTE
Specified C++11: please drop specification unless essential
Flavors: r-devel-linux-x86_64-debian-clang, r-devel-linux-x86_64-debian-gcc, r-devel-linux-x86_64-fedora-clang, r-devel-linux-x86_64-fedora-gcc, r-patched-linux-x86_64