CRAN Package Check Results for Package oRus

Last updated on 2024-03-05 11:55:42 CET.

Flavor Version Tinstall Tcheck Ttotal Status Flags
r-devel-linux-x86_64-debian-clang 1.0.0 17.29 153.75 171.04 NOTE
r-devel-linux-x86_64-debian-gcc 1.0.0 14.34 115.16 129.50 NOTE
r-devel-linux-x86_64-fedora-clang 1.0.0 214.75 NOTE
r-devel-linux-x86_64-fedora-gcc 1.0.0 219.90 NOTE
r-devel-windows-x86_64 1.0.0 15.00 113.00 128.00 NOTE
r-patched-linux-x86_64 1.0.0 18.09 150.94 169.03 NOTE
r-release-linux-x86_64 1.0.0 12.30 152.38 164.68 NOTE
r-release-macos-arm64 1.0.0 76.00 NOTE
r-release-macos-x86_64 1.0.0 110.00 NOTE
r-release-windows-x86_64 1.0.0 19.00 133.00 152.00 NOTE
r-oldrel-macos-arm64 1.0.0 58.00 NOTE
r-oldrel-windows-x86_64 1.0.0 19.00 142.00 161.00 NOTE

Check Details

Version: 1.0.0
Check: LazyData
Result: NOTE 'LazyData' is specified without a 'data' directory Flavors: r-devel-linux-x86_64-debian-clang, r-devel-linux-x86_64-debian-gcc, r-devel-linux-x86_64-fedora-clang, r-devel-linux-x86_64-fedora-gcc, r-devel-windows-x86_64, r-patched-linux-x86_64, r-release-linux-x86_64, r-release-macos-arm64, r-release-macos-x86_64, r-release-windows-x86_64, r-oldrel-macos-arm64, r-oldrel-windows-x86_64

Version: 1.0.0
Check: dependencies in R code
Result: NOTE Namespaces in Imports field not imported from: ‘knitr’ ‘tibble’ All declared Imports should be used. Flavors: r-devel-linux-x86_64-fedora-clang, r-devel-linux-x86_64-fedora-gcc, r-oldrel-macos-arm64