CRAN Package Check Results for Package oaqc

Last updated on 2023-09-26 13:08:37 CEST.

Flavor Version Tinstall Tcheck Ttotal Status Flags
r-devel-linux-x86_64-debian-clang 1.0 5.49 24.68 30.17 NOTE
r-devel-linux-x86_64-debian-gcc 1.0 3.54 19.65 23.19 NOTE
r-devel-linux-x86_64-fedora-clang 1.0 42.61 NOTE
r-devel-linux-x86_64-fedora-gcc 1.0 49.29 NOTE
r-devel-windows-x86_64 1.0 8.00 60.00 68.00 NOTE
r-patched-linux-x86_64 1.0 4.90 24.30 29.20 NOTE
r-release-linux-x86_64 1.0 5.06 24.10 29.16 NOTE
r-release-macos-arm64 1.0 24.00 NOTE
r-release-macos-x86_64 1.0 34.00 NOTE
r-release-windows-x86_64 1.0 8.00 67.00 75.00 NOTE
r-oldrel-macos-arm64 1.0 22.00 NOTE
r-oldrel-macos-x86_64 1.0 26.00 NOTE
r-oldrel-windows-x86_64 1.0 10.00 61.00 71.00 NOTE

Check Details

Version: 1.0
Check: C++ specification
Result: NOTE
     Specified C++11: please drop specification unless essential
Flavors: r-devel-linux-x86_64-debian-clang, r-devel-linux-x86_64-debian-gcc, r-devel-linux-x86_64-fedora-clang, r-devel-linux-x86_64-fedora-gcc, r-devel-windows-x86_64, r-patched-linux-x86_64, r-release-linux-x86_64, r-release-macos-arm64, r-release-macos-x86_64, r-release-windows-x86_64

Version: 1.0
Check: LazyData
Result: NOTE
     'LazyData' is specified without a 'data' directory
Flavors: r-devel-linux-x86_64-debian-clang, r-devel-linux-x86_64-debian-gcc, r-devel-linux-x86_64-fedora-clang, r-devel-linux-x86_64-fedora-gcc, r-devel-windows-x86_64, r-patched-linux-x86_64, r-release-linux-x86_64, r-release-macos-arm64, r-release-macos-x86_64, r-release-windows-x86_64, r-oldrel-macos-arm64, r-oldrel-macos-x86_64, r-oldrel-windows-x86_64