CRAN Package Check Results for Package ocf

Last updated on 2024-03-02 19:50:24 CET.

Flavor Version Tinstall Tcheck Ttotal Status Flags
r-devel-linux-x86_64-debian-clang 1.0.0 124.03 113.50 237.53 OK
r-devel-linux-x86_64-debian-gcc 1.0.0 92.54 85.98 178.52 OK
r-devel-linux-x86_64-fedora-clang 1.0.0 332.01 OK
r-devel-linux-x86_64-fedora-gcc 1.0.0 335.56 OK
r-devel-windows-x86_64 1.0.0 104.00 124.00 228.00 OK
r-patched-linux-x86_64 1.0.0 112.66 109.18 221.84 OK
r-release-linux-x86_64 1.0.0 87.83 110.95 198.78 OK
r-release-macos-arm64 1.0.0 104.00 NOTE
r-release-macos-x86_64 1.0.0 135.00 NOTE
r-release-windows-x86_64 1.0.0 136.00 150.00 286.00 OK
r-oldrel-macos-arm64 1.0.0 78.00 NOTE
r-oldrel-windows-x86_64 1.0.0 117.00 145.00 262.00 OK

Check Details

Version: 1.0.0
Check: installed package size
Result: NOTE installed size is 5.8Mb sub-directories of 1Mb or more: libs 5.0Mb Flavors: r-release-macos-arm64, r-release-macos-x86_64, r-oldrel-macos-arm64