CRAN Package Check Results for Package odbc

Last updated on 2021-12-07 23:54:37 CET.

Flavor Version Tinstall Tcheck Ttotal Status Flags
r-devel-linux-x86_64-debian-clang 1.3.3 83.57 58.59 142.16 OK
r-devel-linux-x86_64-debian-gcc 1.3.3 59.90 45.65 105.55 OK
r-devel-linux-x86_64-fedora-clang 1.3.3 215.86 NOTE
r-devel-linux-x86_64-fedora-gcc 1.3.3 186.59 OK
r-devel-windows-x86_64-new-UL 1.3.3 129.00 115.00 244.00 OK
r-devel-windows-x86_64-new-TK 1.3.3 OK
r-devel-windows-x86_64-old 1.3.3 116.00 64.00 180.00 OK
r-patched-linux-x86_64 1.3.3 78.47 55.75 134.22 OK
r-release-linux-x86_64 1.3.3 70.34 56.14 126.48 OK
r-release-macos-arm64 1.3.3 NOTE
r-release-macos-x86_64 1.3.3 NOTE
r-release-windows-ix86+x86_64 1.3.3 171.00 93.00 264.00 OK
r-oldrel-macos-x86_64 1.3.3 NOTE
r-oldrel-windows-ix86+x86_64 1.3.3 161.00 88.00 249.00 OK

Check Details

Version: 1.3.3
Check: installed package size
Result: NOTE
     installed size is 6.0Mb
     sub-directories of 1Mb or more:
     libs 5.5Mb
Flavors: r-devel-linux-x86_64-fedora-clang, r-release-macos-arm64, r-release-macos-x86_64, r-oldrel-macos-x86_64