CRAN Package Check Results for Package odbc

Last updated on 2022-11-30 03:58:30 CET.

Flavor Version Tinstall Tcheck Ttotal Status Flags
r-devel-linux-x86_64-debian-clang 1.3.3 90.00 62.89 152.89 OK
r-devel-linux-x86_64-debian-gcc 1.3.3 70.78 48.69 119.47 OK
r-devel-linux-x86_64-fedora-clang 1.3.3 240.87 OK
r-devel-linux-x86_64-fedora-gcc 1.3.3 220.09 OK
r-devel-windows-x86_64 1.3.3 120.00 114.00 234.00 OK
r-patched-linux-x86_64 1.3.3 82.09 58.23 140.32 OK
r-release-linux-x86_64 1.3.3 84.36 58.74 143.10 OK
r-release-macos-arm64 1.3.3 58.00 NOTE
r-release-macos-x86_64 1.3.3 75.00 NOTE
r-release-windows-x86_64 1.3.3 117.00 110.00 227.00 OK
r-oldrel-macos-arm64 1.3.3 303.00 NOTE
r-oldrel-macos-x86_64 1.3.3 76.00 NOTE
r-oldrel-windows-ix86+x86_64 1.3.3 226.00 122.00 348.00 OK

Additional issues

M1mac

Check Details

Version: 1.3.3
Check: installed package size
Result: NOTE
     installed size is 8.0Mb
     sub-directories of 1Mb or more:
     libs 7.5Mb
Flavors: r-release-macos-arm64, r-release-macos-x86_64, r-oldrel-macos-arm64, r-oldrel-macos-x86_64