Last updated on 2023-03-23 23:51:57 CET.
Flavor | Version | Tinstall | Tcheck | Ttotal | Status | Flags |
---|---|---|---|---|---|---|
r-devel-linux-x86_64-debian-clang | 2.0.5 | 125.21 | 129.23 | 254.44 | OK | |
r-devel-linux-x86_64-debian-gcc | 2.0.5 | 90.11 | 100.00 | 190.11 | OK | |
r-devel-linux-x86_64-fedora-clang | 2.0.5 | 349.67 | OK | |||
r-devel-linux-x86_64-fedora-gcc | 2.0.5 | 312.90 | OK | |||
r-patched-linux-x86_64 | 2.0.5 | 70.99 | 129.74 | 200.73 | OK | |
r-release-linux-x86_64 | 2.0.5 | 88.98 | 125.71 | 214.69 | OK | |
r-release-macos-arm64 | 2.0.5 | 95.00 | OK | |||
r-release-macos-x86_64 | 2.0.5 | 159.00 | OK | |||
r-release-windows-x86_64 | 2.0.5 | 100.00 | 219.00 | 319.00 | OK | |
r-oldrel-macos-arm64 | 2.0.5 | 106.00 | OK | |||
r-oldrel-macos-x86_64 | 2.0.5 | 114.00 | OK | |||
r-oldrel-windows-ix86+x86_64 | 2.0.5 | 296.00 | 301.00 | 597.00 | NOTE |
Version: 2.0.5
Check: R code for possible problems
Result: NOTE
Initiating curl with CURL_SSL_BACKEND: openssl
Flavor: r-oldrel-windows-ix86+x86_64