Last updated on 2023-09-25 01:03:42 CEST.
Flavor | Version | Tinstall | Tcheck | Ttotal | Status | Flags |
---|---|---|---|---|---|---|
r-devel-linux-x86_64-debian-clang | 0.0.2 | 2.01 | 24.62 | 26.63 | NOTE | |
r-devel-linux-x86_64-debian-gcc | 0.0.2 | 1.84 | 19.57 | 21.41 | NOTE | |
r-devel-linux-x86_64-fedora-clang | 0.0.2 | 35.00 | NOTE | |||
r-devel-linux-x86_64-fedora-gcc | 0.0.2 | 45.17 | NOTE | |||
r-devel-windows-x86_64 | 0.0.2 | 4.00 | 44.00 | 48.00 | NOTE | |
r-patched-linux-x86_64 | 0.0.2 | 2.50 | 24.67 | 27.17 | NOTE | |
r-release-linux-x86_64 | 0.0.2 | 1.85 | 24.34 | 26.19 | NOTE | |
r-release-macos-arm64 | 0.0.2 | 26.00 | NOTE | |||
r-release-macos-x86_64 | 0.0.2 | 32.00 | NOTE | |||
r-release-windows-x86_64 | 0.0.2 | 5.00 | 43.00 | 48.00 | NOTE | |
r-oldrel-macos-arm64 | 0.0.2 | 17.00 | NOTE | |||
r-oldrel-macos-x86_64 | 0.0.2 | 28.00 | NOTE | |||
r-oldrel-windows-x86_64 | 0.0.2 | 4.00 | 45.00 | 49.00 | NOTE |
Version: 0.0.2
Check: LazyData
Result: NOTE
'LazyData' is specified without a 'data' directory
Flavors: r-devel-linux-x86_64-debian-clang, r-devel-linux-x86_64-debian-gcc, r-devel-linux-x86_64-fedora-clang, r-devel-linux-x86_64-fedora-gcc, r-devel-windows-x86_64, r-patched-linux-x86_64, r-release-linux-x86_64, r-release-macos-arm64, r-release-macos-x86_64, r-release-windows-x86_64, r-oldrel-macos-arm64, r-oldrel-macos-x86_64, r-oldrel-windows-x86_64