Last updated on 2023-12-06 11:52:33 CET.
Flavor | Version | Tinstall | Tcheck | Ttotal | Status | Flags |
---|---|---|---|---|---|---|
r-devel-linux-x86_64-debian-clang | 3.0.0.0 | 4.63 | 53.42 | 58.05 | NOTE | |
r-devel-linux-x86_64-debian-gcc | 3.0.0.0 | 4.21 | 41.17 | 45.38 | NOTE | |
r-devel-linux-x86_64-fedora-clang | 3.0.0.0 | 76.01 | OK | |||
r-devel-linux-x86_64-fedora-gcc | 3.0.0.0 | 83.27 | OK | |||
r-devel-windows-x86_64 | 3.0.0.0 | 6.00 | 81.00 | 87.00 | OK | |
r-patched-linux-x86_64 | 3.0.0.0 | 6.62 | 51.87 | 58.49 | OK | |
r-release-linux-x86_64 | 3.0.0.0 | 4.84 | 52.65 | 57.49 | OK | |
r-release-macos-arm64 | 3.0.0.0 | 35.00 | OK | |||
r-release-macos-x86_64 | 3.0.0.0 | 51.00 | OK | |||
r-release-windows-x86_64 | 3.0.0.0 | 8.00 | 81.00 | 89.00 | OK | |
r-oldrel-macos-arm64 | 3.0.0.0 | 27.00 | OK | |||
r-oldrel-macos-x86_64 | 3.0.0.0 | 38.00 | OK | |||
r-oldrel-windows-x86_64 | 3.0.0.0 | 8.00 | 84.00 | 92.00 | OK |
Version: 3.0.0.0
Check: Rd files
Result: NOTE
checkRd: (-1) formula.oglmx.Rd:49: Lost braces
49 | \code{\link{oglmx}}, code{\link[lmtest]{lrtest}}, code{\link{formula}}.
| ^
checkRd: (-1) formula.oglmx.Rd:49: Lost braces
49 | \code{\link{oglmx}}, code{\link[lmtest]{lrtest}}, code{\link{formula}}.
| ^
Flavors: r-devel-linux-x86_64-debian-clang, r-devel-linux-x86_64-debian-gcc