Last updated on 2023-10-03 09:08:24 CEST.
Flavor | Version | Tinstall | Tcheck | Ttotal | Status | Flags |
---|---|---|---|---|---|---|
r-devel-linux-x86_64-debian-clang | 0.2 | 55.83 | 646.84 | 702.67 | OK | |
r-devel-linux-x86_64-debian-gcc | 0.2 | 49.01 | 476.41 | 525.42 | OK | |
r-devel-linux-x86_64-fedora-clang | 0.2 | 899.27 | NOTE | |||
r-devel-linux-x86_64-fedora-gcc | 0.2 | 862.29 | NOTE | |||
r-devel-windows-x86_64 | 0.2 | 47.00 | 430.00 | 477.00 | OK | |
r-patched-linux-x86_64 | 0.2 | 46.12 | 600.81 | 646.93 | OK | |
r-release-linux-x86_64 | 0.2 | 52.79 | 611.36 | 664.15 | OK | |
r-release-macos-arm64 | 0.2 | 155.00 | OK | |||
r-release-macos-x86_64 | 0.2 | 439.00 | OK | |||
r-release-windows-x86_64 | 0.2 | 62.00 | 551.00 | 613.00 | OK | |
r-oldrel-macos-arm64 | 0.2 | 195.00 | NOTE | |||
r-oldrel-macos-x86_64 | 0.2 | 324.00 | NOTE | |||
r-oldrel-windows-x86_64 | 0.2 | 62.00 | 540.00 | 602.00 | OK |
Version: 0.2
Check: dependencies in R code
Result: NOTE
Namespaces in Imports field not imported from:
‘gdata’ ‘genefilter’ ‘maftools’ ‘readxl’
All declared Imports should be used.
Flavors: r-devel-linux-x86_64-fedora-clang, r-devel-linux-x86_64-fedora-gcc, r-oldrel-macos-arm64, r-oldrel-macos-x86_64