CRAN Package Check Results for Package onetime

Last updated on 2023-12-07 04:02:01 CET.

Flavor Version Tinstall Tcheck Ttotal Status Flags
r-devel-linux-x86_64-debian-clang 0.2.0 2.36 32.38 34.74 OK
r-devel-linux-x86_64-debian-gcc 0.2.0 1.54 25.77 27.31 OK
r-devel-linux-x86_64-fedora-clang 0.2.0 45.11 NOTE
r-devel-linux-x86_64-fedora-gcc 0.2.0 54.35 OK
r-devel-windows-x86_64 0.2.0 3.00 59.00 62.00 OK
r-patched-linux-x86_64 0.2.0 2.54 32.23 34.77 OK
r-release-linux-x86_64 0.2.0 1.95 32.80 34.75 OK
r-release-macos-arm64 0.2.0 47.00 OK
r-release-macos-x86_64 0.2.0 66.00 OK
r-release-windows-x86_64 0.2.0 4.00 60.00 64.00 OK
r-oldrel-macos-arm64 0.2.0 33.00 OK
r-oldrel-macos-x86_64 0.2.0 39.00 OK
r-oldrel-windows-x86_64 0.2.0 4.00 66.00 70.00 OK

Check Details

Version: 0.2.0
Check: Rd cross-references
Result: NOTE Undeclared package ‘lubridate’ in Rd xrefs Flavor: r-devel-linux-x86_64-fedora-clang