Last updated on 2023-03-27 20:52:22 CEST.
Flavor | Version | Tinstall | Tcheck | Ttotal | Status | Flags |
---|---|---|---|---|---|---|
r-devel-linux-x86_64-debian-clang | 1.3.1 | 58.74 | 79.77 | 138.51 | OK | |
r-devel-linux-x86_64-debian-gcc | 1.3.1 | 43.94 | 61.35 | 105.29 | OK | |
r-devel-linux-x86_64-fedora-clang | 1.3.1 | 186.28 | NOTE | |||
r-devel-linux-x86_64-fedora-gcc | 1.3.1 | 167.65 | NOTE | |||
r-patched-linux-x86_64 | 1.3.1 | 45.29 | 76.44 | 121.73 | OK | |
r-release-linux-x86_64 | 1.3.1 | 44.29 | 76.18 | 120.47 | OK | |
r-release-macos-arm64 | 1.3.1 | 46.00 | OK | |||
r-release-macos-x86_64 | 1.3.1 | 62.00 | OK | |||
r-release-windows-x86_64 | 1.3.1 | 59.00 | 127.00 | 186.00 | OK | |
r-oldrel-macos-arm64 | 1.3.1 | 52.00 | OK | |||
r-oldrel-macos-x86_64 | 1.3.1 | 72.00 | OK | |||
r-oldrel-windows-ix86+x86_64 | 1.3.1 | 135.00 | 145.00 | 280.00 | OK |
Version: 1.3.1
Check: compiled code
Result: NOTE
File ‘onlinePCA/libs/onlinePCA.so’:
Found no calls to: ‘R_registerRoutines’, ‘R_useDynamicSymbols’
It is good practice to register native routines and to disable symbol
search.
See ‘Writing portable packages’ in the ‘Writing R Extensions’ manual.
Flavors: r-devel-linux-x86_64-fedora-clang, r-devel-linux-x86_64-fedora-gcc