Last updated on 2023-03-30 20:49:18 CEST.
Flavor | Version | Tinstall | Tcheck | Ttotal | Status | Flags |
---|---|---|---|---|---|---|
r-devel-linux-x86_64-debian-clang | 1.0.1 | 49.90 | 406.06 | 455.96 | NOTE | |
r-devel-linux-x86_64-debian-gcc | 1.0.1 | 37.45 | 289.91 | 327.36 | NOTE | |
r-devel-linux-x86_64-fedora-clang | 1.0.1 | 566.21 | NOTE | |||
r-devel-linux-x86_64-fedora-gcc | 1.0.1 | 550.16 | NOTE | |||
r-devel-windows-x86_64 | 1.0.1 | 143.00 | 0.00 | 143.00 | NOTE | |
r-patched-linux-x86_64 | 1.0.1 | 44.13 | 391.35 | 435.48 | NOTE | |
r-release-linux-x86_64 | 1.0.1 | 40.82 | 378.58 | 419.40 | OK | |
r-release-macos-arm64 | 1.0.1 | 188.00 | NOTE | |||
r-release-macos-x86_64 | 1.0.1 | 210.00 | NOTE | |||
r-release-windows-x86_64 | 1.0.1 | 218.00 | 563.00 | 781.00 | OK | |
r-oldrel-macos-arm64 | 1.0.1 | 195.00 | NOTE | |||
r-oldrel-macos-x86_64 | 1.0.1 | 242.00 | NOTE | |||
r-oldrel-windows-ix86+x86_64 | 1.0.1 | 116.00 | 495.00 | 611.00 | NOTE |
Version: 1.0.1
Check: C++ specification
Result: NOTE
Specified C++11: please drop specification unless essential
Flavors: r-devel-linux-x86_64-debian-clang, r-devel-linux-x86_64-debian-gcc, r-devel-linux-x86_64-fedora-clang, r-devel-linux-x86_64-fedora-gcc, r-devel-windows-x86_64, r-patched-linux-x86_64
Version: 1.0.1
Check: installed package size
Result: NOTE
installed size is 5.7Mb
sub-directories of 1Mb or more:
doc 3.2Mb
libs 1.7Mb
Flavors: r-release-macos-arm64, r-release-macos-x86_64, r-oldrel-macos-arm64, r-oldrel-macos-x86_64, r-oldrel-windows-ix86+x86_64