Last updated on 2023-03-23 20:50:38 CET.
Flavor | Version | Tinstall | Tcheck | Ttotal | Status | Flags |
---|---|---|---|---|---|---|
r-devel-linux-x86_64-debian-clang | 2.5 | 62.86 | 151.52 | 214.38 | OK | |
r-devel-linux-x86_64-debian-gcc | 2.5 | 43.68 | 131.01 | 174.69 | OK | |
r-devel-linux-x86_64-fedora-clang | 2.5 | 285.16 | OK | |||
r-devel-linux-x86_64-fedora-gcc | 2.5 | 264.84 | OK | |||
r-patched-linux-x86_64 | 2.5 | 45.78 | 155.06 | 200.84 | OK | |
r-release-linux-x86_64 | 2.5 | 43.81 | 149.16 | 192.97 | OK | |
r-release-macos-arm64 | 2.5 | 104.00 | OK | |||
r-release-macos-x86_64 | 2.5 | 129.00 | OK | |||
r-release-windows-x86_64 | 2.5 | 165.00 | 372.00 | 537.00 | OK | |
r-oldrel-macos-arm64 | 2.5 | 120.00 | OK | |||
r-oldrel-macos-x86_64 | 2.5 | 147.00 | NOTE | |||
r-oldrel-windows-ix86+x86_64 | 2.5 | 136.00 | 206.00 | 342.00 | OK |
Version: 2.5
Check: package dependencies
Result: NOTE
Package suggested but not available for checking: ‘paintmap’
Flavor: r-oldrel-macos-x86_64