Last updated on 2023-11-29 15:50:24 CET.
Flavor | Version | Tinstall | Tcheck | Ttotal | Status | Flags |
---|---|---|---|---|---|---|
r-devel-linux-x86_64-debian-clang | 0.3.5 | 20.74 | 152.85 | 173.59 | OK | |
r-devel-linux-x86_64-debian-gcc | 0.3.5 | 14.57 | 110.85 | 125.42 | OK | |
r-devel-linux-x86_64-fedora-clang | 0.3.5 | 219.16 | OK | |||
r-devel-linux-x86_64-fedora-gcc | 0.3.5 | 202.46 | OK | |||
r-devel-windows-x86_64 | 0.3.5 | 17.00 | 119.00 | 136.00 | OK | |
r-patched-linux-x86_64 | 0.3.5 | 12.92 | 145.31 | 158.23 | OK | |
r-release-linux-x86_64 | 0.3.5 | 13.54 | 144.14 | 157.68 | OK | |
r-release-macos-arm64 | 0.3.5 | 9.00 | ERROR | |||
r-release-macos-x86_64 | 0.3.5 | 10.00 | ERROR | |||
r-release-windows-x86_64 | 0.3.5 | 22.00 | 144.00 | 166.00 | OK | |
r-oldrel-macos-arm64 | 0.3.5 | 9.00 | ERROR | |||
r-oldrel-macos-x86_64 | 0.3.5 | 10.00 | ERROR | |||
r-oldrel-windows-x86_64 | 0.3.5 | 23.00 | 151.00 | 174.00 | OK |
Version: 0.3.5
Check: package dependencies
Result: ERROR
Package required but not available: ‘mixAK’
See section ‘The DESCRIPTION file’ in the ‘Writing R Extensions’
manual.
Flavors: r-release-macos-arm64, r-release-macos-x86_64, r-oldrel-macos-arm64, r-oldrel-macos-x86_64