CRAN Package Check Results for Package opencpu

Last updated on 2021-10-22 04:54:56 CEST.

Flavor Version Tinstall Tcheck Ttotal Status Flags
r-devel-linux-x86_64-debian-clang 2.2.5 4.84 40.45 45.29 OK
r-devel-linux-x86_64-debian-gcc 2.2.5 4.53 31.38 35.91 OK
r-devel-linux-x86_64-fedora-clang 2.2.5 67.66 NOTE
r-devel-linux-x86_64-fedora-gcc 2.2.5 54.81 NOTE
r-devel-windows-x86_64 2.2.5 9.00 59.00 68.00 NOTE
r-devel-windows-x86_64-gcc10-UCRT 2.2.5 NOTE
r-patched-linux-x86_64 2.2.5 7.16 39.18 46.34 OK
r-patched-solaris-x86 2.2.5 84.50 NOTE
r-release-linux-x86_64 2.2.5 4.54 39.17 43.71 OK
r-release-macos-arm64 2.2.5 NOTE
r-release-macos-x86_64 2.2.5 NOTE
r-release-windows-ix86+x86_64 2.2.5 7.00 60.00 67.00 NOTE
r-oldrel-macos-x86_64 2.2.5 NOTE
r-oldrel-windows-ix86+x86_64 2.2.5 11.00 57.00 68.00 NOTE

Check Details

Version: 2.2.5
Check: data for non-ASCII characters
Result: NOTE
     Note: found 4 marked UTF-8 strings
Flavors: r-devel-linux-x86_64-fedora-clang, r-devel-linux-x86_64-fedora-gcc, r-devel-windows-x86_64-gcc10-UCRT, r-patched-solaris-x86, r-release-macos-arm64, r-release-macos-x86_64, r-oldrel-macos-x86_64

Version: 2.2.5
Check: package dependencies
Result: NOTE
    Package suggested but not available for checking: 'unix'
Flavors: r-devel-windows-x86_64, r-devel-windows-x86_64-gcc10-UCRT, r-release-windows-ix86+x86_64, r-oldrel-windows-ix86+x86_64