CRAN Package Check Results for Package openssl

Last updated on 2021-11-30 03:57:02 CET.

Flavor Version Tinstall Tcheck Ttotal Status Flags
r-devel-linux-x86_64-debian-clang 1.4.5 13.34 47.47 60.81 OK
r-devel-linux-x86_64-debian-gcc 1.4.5 7.67 38.17 45.84 OK
r-devel-linux-x86_64-fedora-clang 1.4.5 86.25 OK
r-devel-linux-x86_64-fedora-gcc 1.4.5 77.42 OK
r-devel-windows-x86_64-new-UL 1.4.5 72.00 136.00 208.00 NOTE
r-devel-windows-x86_64-new-TK 1.4.5 OK
r-devel-windows-x86_64-old 1.4.5 42.00 71.00 113.00 NOTE
r-patched-linux-x86_64 1.4.5 10.77 49.39 60.16 OK
r-patched-solaris-x86 1.4.5 108.60 OK
r-release-linux-x86_64 1.4.5 10.02 51.02 61.04 OK
r-release-macos-arm64 1.4.5 NOTE
r-release-macos-x86_64 1.4.5 NOTE
r-release-windows-ix86+x86_64 1.4.5 74.00 114.00 188.00 NOTE
r-oldrel-macos-x86_64 1.4.5 NOTE
r-oldrel-windows-ix86+x86_64 1.4.5 58.00 106.00 164.00 NOTE

Check Details

Version: 1.4.5
Check: installed package size
Result: NOTE
     installed size is 6.3Mb
     sub-directories of 1Mb or more:
     doc 3.0Mb
     libs 2.8Mb
Flavors: r-devel-windows-x86_64-new-UL, r-devel-windows-x86_64-old, r-release-macos-arm64, r-release-macos-x86_64, r-release-windows-ix86+x86_64, r-oldrel-macos-x86_64, r-oldrel-windows-ix86+x86_64