Last updated on 2023-12-01 19:53:19 CET.
Flavor | Version | Tinstall | Tcheck | Ttotal | Status | Flags |
---|---|---|---|---|---|---|
r-devel-linux-x86_64-debian-clang | 2.0.7 | 184.04 | 288.21 | 472.25 | OK | |
r-devel-linux-x86_64-debian-gcc | 2.0.7 | 122.71 | 214.46 | 337.17 | OK | |
r-devel-linux-x86_64-fedora-clang | 2.0.7 | 642.32 | OK | |||
r-devel-linux-x86_64-fedora-gcc | 2.0.7 | 634.27 | OK | |||
r-devel-windows-x86_64 | 2.0.7 | 139.00 | 257.00 | 396.00 | OK | |
r-patched-linux-x86_64 | 2.0.7 | 127.40 | 272.05 | 399.45 | OK | |
r-release-linux-x86_64 | 2.0.7 | 124.66 | 270.68 | 395.34 | OK | |
r-release-macos-arm64 | 2.0.7 | 166.00 | NOTE | |||
r-release-macos-x86_64 | 2.0.7 | 315.00 | NOTE | |||
r-release-windows-x86_64 | 2.0.7 | 191.00 | 312.00 | 503.00 | OK | |
r-oldrel-macos-arm64 | 2.0.7 | 147.00 | NOTE | |||
r-oldrel-macos-x86_64 | 2.0.7 | 201.00 | NOTE | |||
r-oldrel-windows-x86_64 | 2.0.7 | 179.00 | 307.00 | 486.00 | OK |
Version: 2.0.7
Check: installed package size
Result: NOTE
installed size is 6.1Mb
sub-directories of 1Mb or more:
extdata 1.8Mb
libs 3.2Mb
Flavors: r-release-macos-arm64, r-release-macos-x86_64, r-oldrel-macos-arm64, r-oldrel-macos-x86_64