CRAN Package Check Results for Package optparse

Last updated on 2022-01-17 03:53:13 CET.

Flavor Version Tinstall Tcheck Ttotal Status Flags
r-devel-linux-x86_64-debian-clang 1.7.1 1.49 40.68 42.17 OK
r-devel-linux-x86_64-debian-gcc 1.7.1 1.83 32.29 34.12 OK
r-devel-linux-x86_64-fedora-clang 1.7.1 53.71 OK
r-devel-linux-x86_64-fedora-gcc 1.7.1 43.17 OK
r-devel-windows-x86_64-new-UL 1.7.1 33.00 55.00 88.00 OK --no-vignettes
r-devel-windows-x86_64-new-TK 1.7.1 OK
r-patched-linux-x86_64 1.7.1 2.68 38.72 41.40 OK
r-release-linux-x86_64 1.7.1 OK
r-release-macos-arm64 1.7.1 OK
r-release-macos-x86_64 1.7.1 WARN
r-release-windows-ix86+x86_64 1.7.1 5.00 34.00 39.00 OK --no-vignettes
r-oldrel-macos-x86_64 1.7.1 WARN
r-oldrel-windows-ix86+x86_64 1.7.1 5.00 42.00 47.00 OK --no-vignettes

Check Details

Version: 1.7.1
Check: re-building of vignette outputs
Result: WARN
    Error(s) in re-building vignettes:
     ...
    --- re-building ‘optparse.Rrst’ using knitr
    sh: +RTS: command not found
    Warning in system(command) : error in running command
    Error: processing vignette 'optparse.Rrst' failed with diagnostics:
    pandoc document conversion failed with error 127
    --- failed re-building ‘optparse.Rrst’
    
    SUMMARY: processing the following file failed:
     ‘optparse.Rrst’
    
    Error: Vignette re-building failed.
    Execution halted
Flavors: r-release-macos-x86_64, r-oldrel-macos-x86_64