Last updated on 2023-03-27 12:54:29 CEST.
Flavor | Version | Tinstall | Tcheck | Ttotal | Status | Flags |
---|---|---|---|---|---|---|
r-devel-linux-x86_64-debian-clang | 0.2.1 | 100.90 | 89.53 | 190.43 | OK | |
r-devel-linux-x86_64-debian-gcc | 0.2.1 | 86.04 | 67.64 | 153.68 | OK | |
r-devel-linux-x86_64-fedora-clang | 0.2.1 | 259.57 | NOTE | |||
r-devel-linux-x86_64-fedora-gcc | 0.2.1 | 259.55 | OK | |||
r-patched-linux-x86_64 | 0.2.1 | 87.04 | 85.42 | 172.46 | OK | |
r-release-linux-x86_64 | 0.2.1 | 87.88 | 86.35 | 174.23 | OK | |
r-release-macos-arm64 | 0.2.1 | 69.00 | NOTE | |||
r-release-macos-x86_64 | 0.2.1 | 91.00 | NOTE | |||
r-release-windows-x86_64 | 0.2.1 | 168.00 | 163.00 | 331.00 | NOTE | |
r-oldrel-macos-arm64 | 0.2.1 | 64.00 | NOTE | |||
r-oldrel-macos-x86_64 | 0.2.1 | 94.00 | NOTE | |||
r-oldrel-windows-ix86+x86_64 | 0.2.1 | 213.00 | 250.00 | 463.00 | NOTE |
Version: 0.2.1
Check: installed package size
Result: NOTE
installed size is 5.9Mb
sub-directories of 1Mb or more:
doc 4.8Mb
Flavors: r-devel-linux-x86_64-fedora-clang, r-release-macos-arm64, r-release-macos-x86_64, r-release-windows-x86_64, r-oldrel-macos-arm64, r-oldrel-macos-x86_64, r-oldrel-windows-ix86+x86_64
Version: 0.2.1
Check: dependencies in R code
Result: NOTE
Initiating curl with CURL_SSL_BACKEND: openssl
Flavor: r-oldrel-windows-ix86+x86_64