Last updated on 2023-10-01 21:03:11 CEST.
Flavor | Version | Tinstall | Tcheck | Ttotal | Status | Flags |
---|---|---|---|---|---|---|
r-devel-linux-x86_64-debian-clang | 0.5.0 | 6.59 | 100.61 | 107.20 | OK | |
r-devel-linux-x86_64-debian-gcc | 0.5.0 | 5.47 | 78.62 | 84.09 | OK | |
r-devel-linux-x86_64-fedora-clang | 0.5.0 | 127.30 | NOTE | |||
r-devel-linux-x86_64-fedora-gcc | 0.5.0 | 142.34 | NOTE | |||
r-devel-windows-x86_64 | 0.5.0 | 9.00 | 108.00 | 117.00 | NOTE | |
r-patched-linux-x86_64 | 0.5.0 | 7.03 | 96.64 | 103.67 | OK | |
r-release-linux-x86_64 | 0.5.0 | 5.84 | 97.45 | 103.29 | OK | |
r-release-macos-arm64 | 0.5.0 | 56.00 | NOTE | |||
r-release-macos-x86_64 | 0.5.0 | 98.00 | NOTE | |||
r-release-windows-x86_64 | 0.5.0 | 10.00 | 125.00 | 135.00 | NOTE | |
r-oldrel-macos-arm64 | 0.5.0 | 51.00 | NOTE | |||
r-oldrel-macos-x86_64 | 0.5.0 | 74.00 | NOTE | |||
r-oldrel-windows-x86_64 | 0.5.0 | 12.00 | 135.00 | 147.00 | NOTE |
Version: 0.5.0
Check: installed package size
Result: NOTE
installed size is 5.2Mb
sub-directories of 1Mb or more:
data 3.4Mb
help 1.1Mb
Flavors: r-devel-linux-x86_64-fedora-clang, r-devel-windows-x86_64, r-release-macos-arm64, r-release-macos-x86_64, r-release-windows-x86_64, r-oldrel-macos-arm64, r-oldrel-macos-x86_64, r-oldrel-windows-x86_64
Version: 0.5.0
Check: data for non-ASCII characters
Result: NOTE
Note: found 34 marked UTF-8 strings
Flavors: r-devel-linux-x86_64-fedora-clang, r-devel-linux-x86_64-fedora-gcc