CRAN Package Check Results for Package outForest

Last updated on 2024-06-12 20:59:06 CEST.

Flavor Version Tinstall Tcheck Ttotal Status Flags
r-devel-linux-x86_64-debian-clang 1.0.1 2.32 44.33 46.65 OK
r-devel-linux-x86_64-debian-gcc 1.0.1 1.96 30.33 32.29 ERROR
r-devel-linux-x86_64-fedora-clang 1.0.1 61.73 OK
r-devel-linux-x86_64-fedora-gcc 1.0.1 71.97 OK
r-devel-windows-x86_64 1.0.1 3.00 56.00 59.00 OK
r-patched-linux-x86_64 1.0.1 2.09 42.22 44.31 OK
r-release-linux-x86_64 1.0.1 1.58 41.54 43.12 OK
r-release-macos-arm64 1.0.1 29.00 OK
r-release-macos-x86_64 1.0.1 42.00 OK
r-release-windows-x86_64 1.0.1 3.00 57.00 60.00 OK
r-oldrel-macos-arm64 1.0.1 29.00 OK
r-oldrel-macos-x86_64 1.0.1 66.00 OK
r-oldrel-windows-x86_64 1.0.1 3.00 59.00 62.00 OK

Check Details

Version: 1.0.1
Check: package dependencies
Result: NOTE Package suggested but not available for checking: ‘testthat’ Flavor: r-devel-linux-x86_64-debian-gcc

Version: 1.0.1
Check: tests
Result: ERROR Running ‘testthat.R’ [0s/1s] Running the tests in ‘tests/testthat.R’ failed. Complete output: > # This file is part of the standard setup for testthat. > # It is recommended that you do not modify it. > # > # Where should you do additional test configuration? > # Learn more about the roles of various files in: > # * https://r-pkgs.org/tests.html > # * https://testthat.r-lib.org/reference/test_package.html#special-files > > library(testthat) Error in library(testthat) : there is no package called 'testthat' Execution halted Flavor: r-devel-linux-x86_64-debian-gcc