CRAN Package Check Results for Package overture

Last updated on 2023-05-28 04:56:22 CEST.

Flavor Version Tinstall Tcheck Ttotal Status Flags
r-devel-linux-x86_64-debian-clang 0.4-0 1.87 32.28 34.15 NOTE
r-devel-linux-x86_64-debian-gcc 0.4-0 1.82 25.04 26.86 NOTE
r-devel-linux-x86_64-fedora-clang 0.4-0 43.39 NOTE
r-devel-linux-x86_64-fedora-gcc 0.4-0 52.82 NOTE
r-devel-windows-x86_64 0.4-0 4.00 47.00 51.00 NOTE
r-patched-linux-x86_64 0.4-0 3.66 31.72 35.38 NOTE
r-release-linux-x86_64 0.4-0 2.36 31.08 33.44 NOTE
r-release-macos-arm64 0.4-0 24.00 NOTE
r-release-macos-x86_64 0.4-0 35.00 NOTE
r-release-windows-x86_64 0.4-0 4.00 50.00 54.00 NOTE
r-oldrel-macos-arm64 0.4-0 22.00 NOTE
r-oldrel-macos-x86_64 0.4-0 30.00 NOTE
r-oldrel-windows-x86_64 0.4-0 4.00 50.00 54.00 NOTE

Check Details

Version: 0.4-0
Check: LazyData
Result: NOTE
     'LazyData' is specified without a 'data' directory
Flavors: r-devel-linux-x86_64-debian-clang, r-devel-linux-x86_64-debian-gcc, r-devel-linux-x86_64-fedora-clang, r-devel-linux-x86_64-fedora-gcc, r-devel-windows-x86_64, r-patched-linux-x86_64, r-release-linux-x86_64, r-release-macos-arm64, r-release-macos-x86_64, r-release-windows-x86_64, r-oldrel-macos-arm64, r-oldrel-macos-x86_64, r-oldrel-windows-x86_64