CRAN Package Check Results for Package oysteR

Last updated on 2023-06-05 08:53:35 CEST.

Flavor Version Tinstall Tcheck Ttotal Status Flags
r-devel-linux-x86_64-debian-clang 0.1.1 5.68 46.38 52.06 NOTE
r-devel-linux-x86_64-debian-gcc 0.1.1 4.57 35.77 40.34 NOTE
r-devel-linux-x86_64-fedora-clang 0.1.1 64.06 NOTE
r-devel-linux-x86_64-fedora-gcc 0.1.1 59.82 NOTE
r-devel-windows-x86_64 0.1.1 7.00 56.00 63.00 NOTE
r-patched-linux-x86_64 0.1.1 4.17 43.28 47.45 NOTE
r-release-linux-x86_64 0.1.1 3.62 43.46 47.08 NOTE
r-release-macos-arm64 0.1.1 21.00 NOTE
r-release-macos-x86_64 0.1.1 29.00 NOTE
r-release-windows-x86_64 0.1.1 9.00 60.00 69.00 NOTE
r-oldrel-macos-arm64 0.1.1 21.00 NOTE
r-oldrel-macos-x86_64 0.1.1 40.00 NOTE
r-oldrel-windows-x86_64 0.1.1 8.00 65.00 73.00 NOTE

Check Details

Version: 0.1.1
Check: LazyData
Result: NOTE
     'LazyData' is specified without a 'data' directory
Flavors: r-devel-linux-x86_64-debian-clang, r-devel-linux-x86_64-debian-gcc, r-devel-linux-x86_64-fedora-clang, r-devel-linux-x86_64-fedora-gcc, r-devel-windows-x86_64, r-patched-linux-x86_64, r-release-linux-x86_64, r-release-macos-arm64, r-release-macos-x86_64, r-release-windows-x86_64, r-oldrel-macos-arm64, r-oldrel-macos-x86_64, r-oldrel-windows-x86_64