CRAN Package Check Results for Package oysteR

Last updated on 2024-06-15 13:49:11 CEST.

Flavor Version Tinstall Tcheck Ttotal Status Flags
r-devel-linux-x86_64-debian-clang 0.1.1 6.32 46.66 52.98 NOTE
r-devel-linux-x86_64-debian-gcc 0.1.1 4.63 35.96 40.59 NOTE
r-devel-linux-x86_64-fedora-clang 0.1.1 68.79 NOTE
r-devel-linux-x86_64-fedora-gcc 0.1.1 62.42 NOTE
r-devel-windows-x86_64 0.1.1 5.00 55.00 60.00 NOTE
r-patched-linux-x86_64 0.1.1 3.68 44.65 48.33 NOTE
r-release-linux-x86_64 0.1.1 3.40 44.34 47.74 NOTE
r-release-macos-arm64 0.1.1 21.00 NOTE
r-release-macos-x86_64 0.1.1 36.00 NOTE
r-release-windows-x86_64 0.1.1 8.00 60.00 68.00 NOTE
r-oldrel-macos-arm64 0.1.1 21.00 NOTE
r-oldrel-macos-x86_64 0.1.1 29.00 NOTE
r-oldrel-windows-x86_64 0.1.1 7.00 62.00 69.00 NOTE

Check Details

Version: 0.1.1
Check: LazyData
Result: NOTE 'LazyData' is specified without a 'data' directory Flavors: r-devel-linux-x86_64-debian-clang, r-devel-linux-x86_64-debian-gcc, r-devel-linux-x86_64-fedora-clang, r-devel-linux-x86_64-fedora-gcc, r-devel-windows-x86_64, r-patched-linux-x86_64, r-release-linux-x86_64, r-release-macos-arm64, r-release-macos-x86_64, r-release-windows-x86_64, r-oldrel-macos-arm64, r-oldrel-macos-x86_64, r-oldrel-windows-x86_64