Last updated on 2023-10-01 12:58:45 CEST.
Flavor | Version | Tinstall | Tcheck | Ttotal | Status | Flags |
---|---|---|---|---|---|---|
r-devel-linux-x86_64-debian-clang | 0.4.5 | 11.62 | 76.02 | 87.64 | OK | |
r-devel-linux-x86_64-debian-gcc | 0.4.5 | 9.52 | 57.68 | 67.20 | OK | |
r-devel-linux-x86_64-fedora-clang | 0.4.5 | 104.71 | OK | |||
r-devel-linux-x86_64-fedora-gcc | 0.4.5 | 115.50 | OK | |||
r-devel-windows-x86_64 | 0.4.5 | 11.00 | 76.00 | 87.00 | OK | |
r-patched-linux-x86_64 | 0.4.5 | 11.06 | 72.21 | 83.27 | OK | |
r-release-linux-x86_64 | 0.4.5 | 9.49 | 73.40 | 82.89 | OK | |
r-release-macos-arm64 | 0.4.5 | 42.00 | NOTE | |||
r-release-macos-x86_64 | 0.4.5 | 72.00 | OK | |||
r-release-windows-x86_64 | 0.4.5 | 15.00 | 84.00 | 99.00 | OK | |
r-oldrel-macos-arm64 | 0.4.5 | 36.00 | NOTE | |||
r-oldrel-macos-x86_64 | 0.4.5 | 51.00 | OK | |||
r-oldrel-windows-x86_64 | 0.4.5 | 15.00 | 87.00 | 102.00 | OK |
Version: 0.4.5
Check: installed package size
Result: NOTE
installed size is 5.1Mb
sub-directories of 1Mb or more:
data 4.0Mb
Flavors: r-release-macos-arm64, r-oldrel-macos-arm64