CRAN Package Check Results for Package pCalibrate

Last updated on 2024-02-29 00:55:48 CET.

Flavor Version Tinstall Tcheck Ttotal Status Flags
r-devel-linux-x86_64-debian-clang 0.2-1 10.31 92.02 102.33 NOTE
r-devel-linux-x86_64-debian-gcc 0.2-1 7.94 69.62 77.56 NOTE
r-devel-linux-x86_64-fedora-clang 0.2-1 126.57 NOTE
r-devel-linux-x86_64-fedora-gcc 0.2-1 123.39 NOTE
r-devel-windows-x86_64 0.2-1 10.00 85.00 95.00 OK
r-patched-linux-x86_64 0.2-1 7.66 89.31 96.97 OK
r-release-linux-x86_64 0.2-1 7.11 89.96 97.07 OK
r-release-macos-arm64 0.2-1 45.00 OK
r-release-macos-x86_64 0.2-1 69.00 OK
r-release-windows-x86_64 0.2-1 13.00 99.00 112.00 OK
r-oldrel-macos-arm64 0.2-1 52.00 OK
r-oldrel-windows-x86_64 0.2-1 12.00 103.00 115.00 OK

Check Details

Version: 0.2-1
Check: Rd files
Result: NOTE checkRd: (-1) twoby2Calibrate.Rd:84: Lost braces in \itemize; meant \describe ? checkRd: (-1) twoby2Calibrate.Rd:85-86: Lost braces in \itemize; meant \describe ? checkRd: (-1) twoby2Calibrate.Rd:87-92: Lost braces in \itemize; meant \describe ? checkRd: (-1) twoby2Calibrate.Rd:97-100: Lost braces in \itemize; meant \describe ? checkRd: (-1) twoby2Calibrate.Rd:101-103: Lost braces in \itemize; meant \describe ? checkRd: (-1) twoby2Calibrate.Rd:104-107: Lost braces in \itemize; meant \describe ? checkRd: (-1) twoby2Calibrate.Rd:108-110: Lost braces in \itemize; meant \describe ? checkRd: (-1) twoby2Calibrate.Rd:111-116: Lost braces in \itemize; meant \describe ? Flavors: r-devel-linux-x86_64-debian-clang, r-devel-linux-x86_64-debian-gcc, r-devel-linux-x86_64-fedora-clang, r-devel-linux-x86_64-fedora-gcc