CRAN Package Check Results for Package pGMGM

Last updated on 2021-12-03 15:52:27 CET.

Flavor Version Tinstall Tcheck Ttotal Status Flags
r-devel-linux-x86_64-debian-clang 1.0 7.04 44.43 51.47 OK
r-devel-linux-x86_64-debian-gcc 1.0 4.69 33.96 38.65 OK
r-devel-linux-x86_64-fedora-clang 1.0 73.55 NOTE
r-devel-linux-x86_64-fedora-gcc 1.0 61.10 NOTE
r-devel-windows-x86_64-new-UL 1.0 15.00 97.00 112.00 OK
r-devel-windows-x86_64-new-TK 1.0 OK
r-devel-windows-x86_64-old 1.0 11.00 52.00 63.00 OK
r-patched-linux-x86_64 1.0 6.16 42.25 48.41 OK
r-release-linux-x86_64 1.0 5.97 41.88 47.85 OK
r-release-macos-arm64 1.0 OK
r-release-macos-x86_64 1.0 OK
r-release-windows-ix86+x86_64 1.0 18.00 99.00 117.00 OK
r-oldrel-macos-x86_64 1.0 OK
r-oldrel-windows-ix86+x86_64 1.0 17.00 98.00 115.00 OK

Check Details

Version: 1.0
Check: compiled code
Result: NOTE
    File ‘pGMGM/libs/pGMGM.so’:
     Found no calls to: ‘R_registerRoutines’, ‘R_useDynamicSymbols’
    
    It is good practice to register native routines and to disable symbol
    search.
    
    See ‘Writing portable packages’ in the ‘Writing R Extensions’ manual.
Flavors: r-devel-linux-x86_64-fedora-clang, r-devel-linux-x86_64-fedora-gcc