CRAN Package Check Results for Package packHV

Last updated on 2024-07-14 00:55:30 CEST.

Flavor Version Tinstall Tcheck Ttotal Status Flags
r-devel-linux-x86_64-debian-clang 2.2 7.16 70.39 77.55 OK
r-devel-linux-x86_64-debian-gcc 2.2 6.63 52.81 59.44 OK
r-devel-linux-x86_64-fedora-clang 2.2 94.80 OK
r-devel-linux-x86_64-fedora-gcc 2.2 90.26 OK
r-devel-windows-x86_64 2.2 8.00 75.00 83.00 NOTE
r-patched-linux-x86_64 2.2 8.37 65.78 74.15 OK
r-release-linux-x86_64 2.2 6.98 64.21 71.19 OK
r-release-macos-arm64 2.2 30.00 OK
r-release-macos-x86_64 2.2 42.00 OK
r-release-windows-x86_64 2.2 7.00 68.00 75.00 OK
r-oldrel-macos-arm64 2.2 32.00 OK
r-oldrel-macos-x86_64 2.2 53.00 OK
r-oldrel-windows-x86_64 2.2 9.00 80.00 89.00 OK

Check Details

Version: 2.2
Check: Rd cross-references
Result: NOTE Found the following Rd file(s) with Rd \link{} targets missing package anchors: plot_km.Rd: survfit, plot.survfit Please provide package anchors for all Rd \link{} targets not in the package itself and the base packages. Flavor: r-devel-windows-x86_64