CRAN Package Check Results for Package packMBPLSDA

Last updated on 2022-01-18 07:52:33 CET.

Flavor Version Tinstall Tcheck Ttotal Status Flags
r-devel-linux-x86_64-debian-clang 0.8.0 15.83 104.86 120.69 OK
r-devel-linux-x86_64-debian-gcc 0.8.0 14.75 78.06 92.81 OK
r-devel-linux-x86_64-fedora-clang 0.8.0 144.96 OK
r-devel-linux-x86_64-fedora-gcc 0.8.0 136.71 OK
r-devel-windows-x86_64-new-UL 0.8.0 82.00 130.00 212.00 OK
r-devel-windows-x86_64-new-TK 0.8.0 ERROR
r-patched-linux-x86_64 0.8.0 16.40 99.25 115.65 OK
r-release-linux-x86_64 0.8.0 OK
r-release-macos-arm64 0.8.0 OK
r-release-macos-x86_64 0.8.0 OK
r-release-windows-ix86+x86_64 0.8.0 31.00 131.00 162.00 OK
r-oldrel-macos-x86_64 0.8.0 OK
r-oldrel-windows-ix86+x86_64 0.8.0 30.00 132.00 162.00 OK

Check Details

Version: 0.8.0
Check: package dependencies
Result: ERROR
    Package required but not available: 'FactoMineR'
    
    See section 'The DESCRIPTION file' in the 'Writing R Extensions'
    manual.
Flavor: r-devel-windows-x86_64-new-TK