Last updated on 2023-06-08 04:54:57 CEST.
Flavor | Version | Tinstall | Tcheck | Ttotal | Status | Flags |
---|---|---|---|---|---|---|
r-devel-linux-x86_64-debian-clang | 0.5.1 | 5.78 | 44.43 | 50.21 | OK | |
r-devel-linux-x86_64-debian-gcc | 0.5.1 | 6.42 | 34.06 | 40.48 | OK | |
r-devel-linux-x86_64-fedora-clang | 0.5.1 | 68.94 | OK | |||
r-devel-linux-x86_64-fedora-gcc | 0.5.1 | 64.44 | OK | |||
r-devel-windows-x86_64 | 0.5.1 | 59.00 | 63.00 | 122.00 | NOTE | |
r-patched-linux-x86_64 | 0.5.1 | 8.50 | 42.51 | 51.01 | OK | |
r-release-linux-x86_64 | 0.5.1 | 8.11 | 43.02 | 51.13 | OK | |
r-release-macos-arm64 | 0.5.1 | 26.00 | OK | |||
r-release-macos-x86_64 | 0.5.0 | 49.00 | WARN | |||
r-release-windows-x86_64 | 0.5.1 | 68.00 | 65.00 | 133.00 | NOTE | |
r-oldrel-macos-arm64 | 0.5.1 | 25.00 | OK | |||
r-oldrel-macos-x86_64 | 0.5.1 | 32.00 | OK | |||
r-oldrel-windows-x86_64 | 0.5.1 | 122.00 | 58.00 | 180.00 | NOTE |
Version: 0.5.1
Check: installed package size
Result: NOTE
installed size is 20.4Mb
sub-directories of 1Mb or more:
library 19.7Mb
Flavors: r-devel-windows-x86_64, r-release-windows-x86_64, r-oldrel-windows-x86_64
Version: 0.5.0
Check: dependencies in R code
Result: WARN
Missing or unexported objects:
‘pkgcache::ppm_has_binaries’ ‘pkgcache::ppm_platforms’
‘pkgcache::ppm_r_versions’ ‘pkgcache::ppm_repo_url’
‘pkgcache::ppm_snapshots’
Flavor: r-release-macos-x86_64