CRAN Package Check Results for Package palaeoverse

Last updated on 2024-06-12 20:59:07 CEST.

Flavor Version Tinstall Tcheck Ttotal Status Flags
r-devel-linux-x86_64-debian-clang 1.3.0 10.85 244.89 255.74 OK
r-devel-linux-x86_64-debian-gcc 1.3.0 0.70 1.77 2.47 ERROR
r-devel-linux-x86_64-fedora-clang 1.3.0 315.06 NOTE
r-devel-linux-x86_64-fedora-gcc 1.3.0 308.63 NOTE
r-devel-windows-x86_64 1.3.0 12.00 172.00 184.00 OK
r-patched-linux-x86_64 1.3.0 14.90 235.88 250.78 OK
r-release-linux-x86_64 1.3.0 9.12 234.08 243.20 OK
r-release-macos-arm64 1.3.0 89.00 OK
r-release-macos-x86_64 1.3.0 140.00 OK
r-release-windows-x86_64 1.3.0 14.00 173.00 187.00 OK
r-oldrel-macos-arm64 1.3.0 101.00 OK
r-oldrel-macos-x86_64 1.3.0 220.00 OK
r-oldrel-windows-x86_64 1.3.0 17.00 216.00 233.00 OK

Check Details

Version: 1.3.0
Check: package dependencies
Result: ERROR Package required but not available: ‘h3jsr’ Packages suggested but not available for checking: 'testthat', 'vdiffr', 'paleotree', 'phytools' See section ‘The DESCRIPTION file’ in the ‘Writing R Extensions’ manual. Flavor: r-devel-linux-x86_64-debian-gcc

Version: 1.3.0
Check: data for non-ASCII characters
Result: NOTE Note: found 314 marked UTF-8 strings Flavors: r-devel-linux-x86_64-fedora-clang, r-devel-linux-x86_64-fedora-gcc