Last updated on 2023-10-03 01:04:59 CEST.
Flavor | Version | Tinstall | Tcheck | Ttotal | Status | Flags |
---|---|---|---|---|---|---|
r-devel-linux-x86_64-debian-clang | 1.2.1 | 14.74 | 242.34 | 257.08 | OK | |
r-devel-linux-x86_64-debian-gcc | 1.2.1 | 10.76 | 171.27 | 182.03 | OK | |
r-devel-linux-x86_64-fedora-clang | 1.2.1 | 305.08 | NOTE | |||
r-devel-linux-x86_64-fedora-gcc | 1.2.1 | 301.98 | NOTE | |||
r-devel-windows-x86_64 | 1.2.1 | 12.00 | 175.00 | 187.00 | OK | |
r-patched-linux-x86_64 | 1.2.1 | 11.73 | 228.91 | 240.64 | OK | |
r-release-linux-x86_64 | 1.2.1 | 10.25 | 228.37 | 238.62 | OK | |
r-release-macos-arm64 | 1.2.1 | 88.00 | OK | |||
r-release-macos-x86_64 | 1.2.1 | 202.00 | OK | |||
r-release-windows-x86_64 | 1.2.1 | 18.00 | 214.00 | 232.00 | OK | |
r-oldrel-macos-arm64 | 1.2.1 | 82.00 | OK | |||
r-oldrel-macos-x86_64 | 1.2.1 | 112.00 | OK | |||
r-oldrel-windows-x86_64 | 1.2.1 | 15.00 | 221.00 | 236.00 | OK |
Version: 1.2.1
Check: data for non-ASCII characters
Result: NOTE
Note: found 314 marked UTF-8 strings
Flavors: r-devel-linux-x86_64-fedora-clang, r-devel-linux-x86_64-fedora-gcc