CRAN Package Check Results for Package palasso

Last updated on 2019-05-21 04:49:00 CEST.

Flavor Version Tinstall Tcheck Ttotal Status Flags
r-devel-linux-x86_64-debian-clang 0.0.5 4.11 46.66 50.77 NOTE
r-devel-linux-x86_64-debian-gcc 0.0.5 3.03 36.53 39.56 NOTE
r-devel-linux-x86_64-fedora-clang 0.0.5 62.36 NOTE
r-devel-linux-x86_64-fedora-gcc 0.0.5 57.65 NOTE
r-devel-windows-ix86+x86_64 0.0.5 8.00 75.00 83.00 OK
r-patched-linux-x86_64 0.0.5 3.67 46.14 49.81 NOTE
r-patched-solaris-x86 0.0.5 85.90 NOTE
r-release-linux-x86_64 0.0.5 3.69 46.32 50.01 NOTE
r-release-windows-ix86+x86_64 0.0.5 8.00 78.00 86.00 OK
r-release-osx-x86_64 0.0.5 NOTE
r-oldrel-windows-ix86+x86_64 0.0.5 4.00 54.00 58.00 OK
r-oldrel-osx-x86_64 0.0.5 OK

Check Details

Version: 0.0.5
Check: package dependencies
Result: NOTE
    Package which this enhances but not available for checking: 'CorShrink'
Flavors: r-devel-linux-x86_64-debian-clang, r-devel-linux-x86_64-debian-gcc, r-devel-linux-x86_64-fedora-clang, r-devel-linux-x86_64-fedora-gcc, r-patched-linux-x86_64, r-patched-solaris-x86, r-release-linux-x86_64

Version: 0.0.5
Check: package dependencies
Result: NOTE
    Packages which this enhances but not available for checking:
     'CorShrink', 'edgeR'
Flavor: r-release-osx-x86_64