CRAN Package Check Results for Package palasso

Last updated on 2019-10-15 20:48:52 CEST.

Flavor Version Tinstall Tcheck Ttotal Status Flags
r-devel-linux-x86_64-debian-clang 0.0.5 3.54 45.85 49.39 NOTE
r-devel-linux-x86_64-debian-gcc 0.0.5 3.29 36.35 39.64 NOTE
r-devel-linux-x86_64-fedora-clang 0.0.5 60.41 NOTE
r-devel-linux-x86_64-fedora-gcc 0.0.5 60.09 NOTE
r-devel-windows-ix86+x86_64 0.0.5 7.00 72.00 79.00 OK
r-patched-linux-x86_64 0.0.5 3.37 44.99 48.36 NOTE
r-patched-solaris-x86 0.0.5 80.30 NOTE
r-release-linux-x86_64 0.0.5 2.95 45.91 48.86 NOTE
r-release-windows-ix86+x86_64 0.0.5 8.00 57.00 65.00 OK
r-release-osx-x86_64 0.0.5 NOTE
r-oldrel-windows-ix86+x86_64 0.0.5 5.00 56.00 61.00 OK
r-oldrel-osx-x86_64 0.0.5 OK

Check Details

Version: 0.0.5
Check: package dependencies
Result: NOTE
    Package which this enhances but not available for checking: 'CorShrink'
Flavors: r-devel-linux-x86_64-debian-clang, r-devel-linux-x86_64-debian-gcc, r-devel-linux-x86_64-fedora-clang, r-devel-linux-x86_64-fedora-gcc, r-patched-linux-x86_64, r-patched-solaris-x86, r-release-linux-x86_64

Version: 0.0.5
Check: package dependencies
Result: NOTE
    Packages which this enhances but not available for checking:
     'CorShrink', 'edgeR'
Flavor: r-release-osx-x86_64